
{"id":6807,"date":"2016-03-04T20:01:20","date_gmt":"2016-03-04T23:01:20","guid":{"rendered":"https:\/\/www.madera21.cl\/concursos\/?post_type=convocatorias&#038;p=6807"},"modified":"2026-03-09T22:34:33","modified_gmt":"2026-03-10T01:34:33","slug":"concurso-de-diseno-2016","status":"publish","type":"convocatorias","link":"https:\/\/www.madera21.cl\/concursos\/convocatorias\/concurso-de-diseno-2016\/","title":{"rendered":"Concurso de Dise\u00f1o 2016"},"content":{"rendered":"<div>\n<div>\n<p><strong>\u201c\u00bfCu\u00e1les son las herramientas o dispositivos para desarrollar las habilidades intelectuales y l\u00fadicas en los preescolares? Equipamiento para jardines infantiles y salas cuna de Chile\u201d<\/strong><\/p>\n<\/div>\n<\/div>\n<div class=\"vc_empty_space\">La V versi\u00f3n del Concurso de Dise\u00f1o en Madera est\u00e1 dedicado al dise\u00f1o de equipamiento, dispositivos y herramientas para jardines infantiles y salas cuna, concebidos para ofrecer soluciones innovadoras a los desaf\u00edos actuales de la formaci\u00f3n temprana en nuestro pa\u00eds. Los proyectos deben satisfacer de manera creativa las necesidades del \u00e1mbito educacional, poniendo al mismo tiempo en relieve las ventajas de la madera como material.<\/div>\n<div class=\"likebtn_container\" style=\"\"><!-- LikeBtn.com BEGIN --><span class=\"likebtn-wrapper\"  data-identifier=\"convocatorias_6807\"  data-site_id=\"58d98cec943ec9601191557b\"  data-lang=\"es\"  data-style=\"\"  data-unlike_allowed=\"\"  data-show_copyright=\"\"  data-item_url=\"https:\/\/www.madera21.cl\/concursos\/convocatorias\/concurso-de-diseno-2016\/\"  data-item_title=\"Concurso de Dise\u00f1o 2016\"  data-item_image=\"https:\/\/www.madera21.cl\/concursos\/wp-content\/uploads\/sites\/2\/2016\/03\/Header-DIs-2016-1024x206.jpg\"  data-item_date=\"2016-03-04T20:01:20-03:00\"  data-engine=\"WordPress\"  data-plugin_v=\"2.6.59\"  data-prx=\"https:\/\/www.madera21.cl\/concursos\/wp-admin\/admin-ajax.php?action=likebtn_prx\"  data-event_handler=\"likebtn_eh\" ><\/span><!-- LikeBtn.com END --><\/div>","protected":false},"featured_media":7082,"template":"","meta":{"_acf_changed":false},"anos":[441],"tipo":[392],"class_list":["post-6807","convocatorias","type-convocatorias","status-publish","has-post-thumbnail","hentry","anos-441","tipo-diseno"],"acf":[],"yoast_head":"<!-- This site is optimized with the Yoast SEO plugin v27.5 - https:\/\/yoast.com\/product\/yoast-seo-wordpress\/ -->\n<title>Concurso de Dise\u00f1o 2016 - concursos<\/title>\n<meta name=\"robots\" content=\"index, follow, max-snippet:-1, max-image-preview:large, max-video-preview:-1\" \/>\n<link rel=\"canonical\" href=\"https:\/\/www.madera21.cl\/concursos\/convocatorias\/concurso-de-diseno-2016\/\" \/>\n<meta property=\"og:locale\" content=\"es_ES\" \/>\n<meta property=\"og:type\" content=\"article\" \/>\n<meta property=\"og:title\" content=\"Concurso de Dise\u00f1o 2016 - concursos\" \/>\n<meta property=\"og:description\" content=\"\u201c\u00bfCu\u00e1les son las herramientas o dispositivos para desarrollar las habilidades intelectuales y l\u00fadicas en los preescolares? Equipamiento para jardines infantiles y salas cuna de Chile\u201d La V versi\u00f3n del Concurso de Dise\u00f1o en Madera est\u00e1 dedicado al dise\u00f1o de equipamiento, dispositivos y herramientas para jardines infantiles y salas cuna, concebidos para ofrecer soluciones innovadoras a [&hellip;]\" \/>\n<meta property=\"og:url\" content=\"https:\/\/www.madera21.cl\/concursos\/convocatorias\/concurso-de-diseno-2016\/\" \/>\n<meta property=\"og:site_name\" content=\"concursos\" \/>\n<meta property=\"article:modified_time\" content=\"2026-03-10T01:34:33+00:00\" \/>\n<meta property=\"og:image\" content=\"http:\/\/www.madera21.cl\/concursos\/wp-content\/uploads\/sites\/2\/2016\/03\/Header-DIs-2016.jpg\" \/>\n\t<meta property=\"og:image:width\" content=\"1365\" \/>\n\t<meta property=\"og:image:height\" content=\"274\" \/>\n\t<meta property=\"og:image:type\" content=\"image\/jpeg\" \/>\n<meta name=\"twitter:card\" content=\"summary_large_image\" \/>\n<meta name=\"twitter:label1\" content=\"Tiempo de lectura\" \/>\n\t<meta name=\"twitter:data1\" content=\"1 minuto\" \/>\n<script type=\"application\/ld+json\" class=\"yoast-schema-graph\">{\"@context\":\"https:\\\/\\\/schema.org\",\"@graph\":[{\"@type\":\"WebPage\",\"@id\":\"https:\\\/\\\/www.madera21.cl\\\/concursos\\\/convocatorias\\\/concurso-de-diseno-2016\\\/\",\"url\":\"https:\\\/\\\/www.madera21.cl\\\/concursos\\\/convocatorias\\\/concurso-de-diseno-2016\\\/\",\"name\":\"Concurso de Dise\u00f1o 2016 - concursos\",\"isPartOf\":{\"@id\":\"https:\\\/\\\/www.madera21.cl\\\/concursos\\\/#website\"},\"primaryImageOfPage\":{\"@id\":\"https:\\\/\\\/www.madera21.cl\\\/concursos\\\/convocatorias\\\/concurso-de-diseno-2016\\\/#primaryimage\"},\"image\":{\"@id\":\"https:\\\/\\\/www.madera21.cl\\\/concursos\\\/convocatorias\\\/concurso-de-diseno-2016\\\/#primaryimage\"},\"thumbnailUrl\":\"https:\\\/\\\/www.madera21.cl\\\/concursos\\\/wp-content\\\/uploads\\\/sites\\\/2\\\/2016\\\/03\\\/Header-DIs-2016.jpg\",\"datePublished\":\"2016-03-04T23:01:20+00:00\",\"dateModified\":\"2026-03-10T01:34:33+00:00\",\"breadcrumb\":{\"@id\":\"https:\\\/\\\/www.madera21.cl\\\/concursos\\\/convocatorias\\\/concurso-de-diseno-2016\\\/#breadcrumb\"},\"inLanguage\":\"es\",\"potentialAction\":[{\"@type\":\"ReadAction\",\"target\":[\"https:\\\/\\\/www.madera21.cl\\\/concursos\\\/convocatorias\\\/concurso-de-diseno-2016\\\/\"]}]},{\"@type\":\"ImageObject\",\"inLanguage\":\"es\",\"@id\":\"https:\\\/\\\/www.madera21.cl\\\/concursos\\\/convocatorias\\\/concurso-de-diseno-2016\\\/#primaryimage\",\"url\":\"https:\\\/\\\/www.madera21.cl\\\/concursos\\\/wp-content\\\/uploads\\\/sites\\\/2\\\/2016\\\/03\\\/Header-DIs-2016.jpg\",\"contentUrl\":\"https:\\\/\\\/www.madera21.cl\\\/concursos\\\/wp-content\\\/uploads\\\/sites\\\/2\\\/2016\\\/03\\\/Header-DIs-2016.jpg\",\"width\":1365,\"height\":274},{\"@type\":\"BreadcrumbList\",\"@id\":\"https:\\\/\\\/www.madera21.cl\\\/concursos\\\/convocatorias\\\/concurso-de-diseno-2016\\\/#breadcrumb\",\"itemListElement\":[{\"@type\":\"ListItem\",\"position\":1,\"name\":\"Portada\",\"item\":\"https:\\\/\\\/www.madera21.cl\\\/concursos\\\/\"},{\"@type\":\"ListItem\",\"position\":2,\"name\":\"Convocatorias\",\"item\":\"https:\\\/\\\/www.madera21.cl\\\/concursos\\\/convocatorias\\\/\"},{\"@type\":\"ListItem\",\"position\":3,\"name\":\"Concurso de Dise\u00f1o 2016\"}]},{\"@type\":\"WebSite\",\"@id\":\"https:\\\/\\\/www.madera21.cl\\\/concursos\\\/#website\",\"url\":\"https:\\\/\\\/www.madera21.cl\\\/concursos\\\/\",\"name\":\"concursos\",\"description\":\"\",\"publisher\":{\"@id\":\"https:\\\/\\\/www.madera21.cl\\\/concursos\\\/#organization\"},\"potentialAction\":[{\"@type\":\"SearchAction\",\"target\":{\"@type\":\"EntryPoint\",\"urlTemplate\":\"https:\\\/\\\/www.madera21.cl\\\/concursos\\\/?s={search_term_string}\"},\"query-input\":{\"@type\":\"PropertyValueSpecification\",\"valueRequired\":true,\"valueName\":\"search_term_string\"}}],\"inLanguage\":\"es\"},{\"@type\":\"Organization\",\"@id\":\"https:\\\/\\\/www.madera21.cl\\\/concursos\\\/#organization\",\"name\":\"concursos\",\"url\":\"https:\\\/\\\/www.madera21.cl\\\/concursos\\\/\",\"logo\":{\"@type\":\"ImageObject\",\"inLanguage\":\"es\",\"@id\":\"https:\\\/\\\/www.madera21.cl\\\/concursos\\\/#\\\/schema\\\/logo\\\/image\\\/\",\"url\":\"https:\\\/\\\/www.madera21.cl\\\/concursos\\\/wp-content\\\/uploads\\\/sites\\\/2\\\/2024\\\/10\\\/Logo_concursos.svg\",\"contentUrl\":\"https:\\\/\\\/www.madera21.cl\\\/concursos\\\/wp-content\\\/uploads\\\/sites\\\/2\\\/2024\\\/10\\\/Logo_concursos.svg\",\"width\":249,\"height\":44,\"caption\":\"concursos\"},\"image\":{\"@id\":\"https:\\\/\\\/www.madera21.cl\\\/concursos\\\/#\\\/schema\\\/logo\\\/image\\\/\"}}]}<\/script>\n<!-- \/ Yoast SEO plugin. -->","yoast_head_json":{"title":"Concurso de Dise\u00f1o 2016 - concursos","robots":{"index":"index","follow":"follow","max-snippet":"max-snippet:-1","max-image-preview":"max-image-preview:large","max-video-preview":"max-video-preview:-1"},"canonical":"https:\/\/www.madera21.cl\/concursos\/convocatorias\/concurso-de-diseno-2016\/","og_locale":"es_ES","og_type":"article","og_title":"Concurso de Dise\u00f1o 2016 - concursos","og_description":"\u201c\u00bfCu\u00e1les son las herramientas o dispositivos para desarrollar las habilidades intelectuales y l\u00fadicas en los preescolares? Equipamiento para jardines infantiles y salas cuna de Chile\u201d La V versi\u00f3n del Concurso de Dise\u00f1o en Madera est\u00e1 dedicado al dise\u00f1o de equipamiento, dispositivos y herramientas para jardines infantiles y salas cuna, concebidos para ofrecer soluciones innovadoras a [&hellip;]","og_url":"https:\/\/www.madera21.cl\/concursos\/convocatorias\/concurso-de-diseno-2016\/","og_site_name":"concursos","article_modified_time":"2026-03-10T01:34:33+00:00","og_image":[{"width":1365,"height":274,"url":"http:\/\/www.madera21.cl\/concursos\/wp-content\/uploads\/sites\/2\/2016\/03\/Header-DIs-2016.jpg","type":"image\/jpeg"}],"twitter_card":"summary_large_image","twitter_misc":{"Tiempo de lectura":"1 minuto"},"schema":{"@context":"https:\/\/schema.org","@graph":[{"@type":"WebPage","@id":"https:\/\/www.madera21.cl\/concursos\/convocatorias\/concurso-de-diseno-2016\/","url":"https:\/\/www.madera21.cl\/concursos\/convocatorias\/concurso-de-diseno-2016\/","name":"Concurso de Dise\u00f1o 2016 - concursos","isPartOf":{"@id":"https:\/\/www.madera21.cl\/concursos\/#website"},"primaryImageOfPage":{"@id":"https:\/\/www.madera21.cl\/concursos\/convocatorias\/concurso-de-diseno-2016\/#primaryimage"},"image":{"@id":"https:\/\/www.madera21.cl\/concursos\/convocatorias\/concurso-de-diseno-2016\/#primaryimage"},"thumbnailUrl":"https:\/\/www.madera21.cl\/concursos\/wp-content\/uploads\/sites\/2\/2016\/03\/Header-DIs-2016.jpg","datePublished":"2016-03-04T23:01:20+00:00","dateModified":"2026-03-10T01:34:33+00:00","breadcrumb":{"@id":"https:\/\/www.madera21.cl\/concursos\/convocatorias\/concurso-de-diseno-2016\/#breadcrumb"},"inLanguage":"es","potentialAction":[{"@type":"ReadAction","target":["https:\/\/www.madera21.cl\/concursos\/convocatorias\/concurso-de-diseno-2016\/"]}]},{"@type":"ImageObject","inLanguage":"es","@id":"https:\/\/www.madera21.cl\/concursos\/convocatorias\/concurso-de-diseno-2016\/#primaryimage","url":"https:\/\/www.madera21.cl\/concursos\/wp-content\/uploads\/sites\/2\/2016\/03\/Header-DIs-2016.jpg","contentUrl":"https:\/\/www.madera21.cl\/concursos\/wp-content\/uploads\/sites\/2\/2016\/03\/Header-DIs-2016.jpg","width":1365,"height":274},{"@type":"BreadcrumbList","@id":"https:\/\/www.madera21.cl\/concursos\/convocatorias\/concurso-de-diseno-2016\/#breadcrumb","itemListElement":[{"@type":"ListItem","position":1,"name":"Portada","item":"https:\/\/www.madera21.cl\/concursos\/"},{"@type":"ListItem","position":2,"name":"Convocatorias","item":"https:\/\/www.madera21.cl\/concursos\/convocatorias\/"},{"@type":"ListItem","position":3,"name":"Concurso de Dise\u00f1o 2016"}]},{"@type":"WebSite","@id":"https:\/\/www.madera21.cl\/concursos\/#website","url":"https:\/\/www.madera21.cl\/concursos\/","name":"concursos","description":"","publisher":{"@id":"https:\/\/www.madera21.cl\/concursos\/#organization"},"potentialAction":[{"@type":"SearchAction","target":{"@type":"EntryPoint","urlTemplate":"https:\/\/www.madera21.cl\/concursos\/?s={search_term_string}"},"query-input":{"@type":"PropertyValueSpecification","valueRequired":true,"valueName":"search_term_string"}}],"inLanguage":"es"},{"@type":"Organization","@id":"https:\/\/www.madera21.cl\/concursos\/#organization","name":"concursos","url":"https:\/\/www.madera21.cl\/concursos\/","logo":{"@type":"ImageObject","inLanguage":"es","@id":"https:\/\/www.madera21.cl\/concursos\/#\/schema\/logo\/image\/","url":"https:\/\/www.madera21.cl\/concursos\/wp-content\/uploads\/sites\/2\/2024\/10\/Logo_concursos.svg","contentUrl":"https:\/\/www.madera21.cl\/concursos\/wp-content\/uploads\/sites\/2\/2024\/10\/Logo_concursos.svg","width":249,"height":44,"caption":"concursos"},"image":{"@id":"https:\/\/www.madera21.cl\/concursos\/#\/schema\/logo\/image\/"}}]}},"_links":{"self":[{"href":"https:\/\/www.madera21.cl\/concursos\/wp-json\/wp\/v2\/convocatorias\/6807","targetHints":{"allow":["GET"]}}],"collection":[{"href":"https:\/\/www.madera21.cl\/concursos\/wp-json\/wp\/v2\/convocatorias"}],"about":[{"href":"https:\/\/www.madera21.cl\/concursos\/wp-json\/wp\/v2\/types\/convocatorias"}],"wp:featuredmedia":[{"embeddable":true,"href":"https:\/\/www.madera21.cl\/concursos\/wp-json\/wp\/v2\/media\/7082"}],"wp:attachment":[{"href":"https:\/\/www.madera21.cl\/concursos\/wp-json\/wp\/v2\/media?parent=6807"}],"wp:term":[{"taxonomy":"anos","embeddable":true,"href":"https:\/\/www.madera21.cl\/concursos\/wp-json\/wp\/v2\/anos?post=6807"},{"taxonomy":"tipo","embeddable":true,"href":"https:\/\/www.madera21.cl\/concursos\/wp-json\/wp\/v2\/tipo?post=6807"}],"curies":[{"name":"wp","href":"https:\/\/api.w.org\/{rel}","templated":true}]}}

Concurso de Diseño 2016

<div>
<div>
<p><strong>“¿Cuáles son las herramientas o dispositivos para desarrollar las habilidades intelectuales y lúdicas en los preescolares? Equipamiento para jardines infantiles y salas cuna de Chile”</strong></p>
</div>
</div>
<div class="vc_empty_space">La V versión del Concurso de Diseño en Madera está dedicado al diseño de equipamiento, dispositivos y herramientas para jardines infantiles y salas cuna, concebidos para ofrecer soluciones innovadoras a los desafíos actuales de la formación temprana en nuestro país. Los proyectos deben satisfacer de manera creativa las necesidades del ámbito educacional, poniendo al mismo tiempo en relieve las ventajas de la madera como material.</div>
<div class="likebtn_container" style=""><!-- LikeBtn.com BEGIN --><span class="likebtn-wrapper"  data-identifier="convocatorias_6807"  data-site_id="58d98cec943ec9601191557b"  data-lang="es"  data-style=""  data-unlike_allowed=""  data-show_copyright=""  data-item_url="https://www.madera21.cl/concursos/convocatorias/concurso-de-diseno-2016/"  data-item_title="Concurso de Diseño 2016"  data-item_image="https://www.madera21.cl/concursos/wp-content/uploads/sites/2/2016/03/Header-DIs-2016-1024x206.jpg"  data-item_date="2016-03-04T20:01:20-03:00"  data-engine="WordPress"  data-plugin_v="2.6.59"  data-prx="https://www.madera21.cl/concursos/wp-admin/admin-ajax.php?action=likebtn_prx"  data-event_handler="likebtn_eh" ></span><!-- LikeBtn.com END --></div>

<!-- This site is optimized with the Yoast SEO plugin v27.5 - https://yoast.com/product/yoast-seo-wordpress/ -->
<title>Concurso de Diseño 2016 - concursos</title>
<meta name="robots" content="index, follow, max-snippet:-1, max-image-preview:large, max-video-preview:-1" />
<link rel="canonical" href="https://www.madera21.cl/concursos/convocatorias/concurso-de-diseno-2016/" />
<meta property="og:locale" content="es_ES" />
<meta property="og:type" content="article" />
<meta property="og:title" content="Concurso de Diseño 2016 - concursos" />
<meta property="og:description" content="“¿Cuáles son las herramientas o dispositivos para desarrollar las habilidades intelectuales y lúdicas en los preescolares? Equipamiento para jardines infantiles y salas cuna de Chile” La V versión del Concurso de Diseño en Madera está dedicado al diseño de equipamiento, dispositivos y herramientas para jardines infantiles y salas cuna, concebidos para ofrecer soluciones innovadoras a [&hellip;]" />
<meta property="og:url" content="https://www.madera21.cl/concursos/convocatorias/concurso-de-diseno-2016/" />
<meta property="og:site_name" content="concursos" />
<meta property="article:modified_time" content="2026-03-10T01:34:33+00:00" />
<meta property="og:image" content="http://www.madera21.cl/concursos/wp-content/uploads/sites/2/2016/03/Header-DIs-2016.jpg" />
	<meta property="og:image:width" content="1365" />
	<meta property="og:image:height" content="274" />
	<meta property="og:image:type" content="image/jpeg" />
<meta name="twitter:card" content="summary_large_image" />
<meta name="twitter:label1" content="Tiempo de lectura" />
	<meta name="twitter:data1" content="1 minuto" />
<script type="application/ld+json" class="yoast-schema-graph">{"@context":"https:\/\/schema.org","@graph":[{"@type":"WebPage","@id":"https:\/\/www.madera21.cl\/concursos\/convocatorias\/concurso-de-diseno-2016\/","url":"https:\/\/www.madera21.cl\/concursos\/convocatorias\/concurso-de-diseno-2016\/","name":"Concurso de Diseño 2016 - concursos","isPartOf":{"@id":"https:\/\/www.madera21.cl\/concursos\/#website"},"primaryImageOfPage":{"@id":"https:\/\/www.madera21.cl\/concursos\/convocatorias\/concurso-de-diseno-2016\/#primaryimage"},"image":{"@id":"https:\/\/www.madera21.cl\/concursos\/convocatorias\/concurso-de-diseno-2016\/#primaryimage"},"thumbnailUrl":"https:\/\/www.madera21.cl\/concursos\/wp-content\/uploads\/sites\/2\/2016\/03\/Header-DIs-2016.jpg","datePublished":"2016-03-04T23:01:20+00:00","dateModified":"2026-03-10T01:34:33+00:00","breadcrumb":{"@id":"https:\/\/www.madera21.cl\/concursos\/convocatorias\/concurso-de-diseno-2016\/#breadcrumb"},"inLanguage":"es","potentialAction":[{"@type":"ReadAction","target":["https:\/\/www.madera21.cl\/concursos\/convocatorias\/concurso-de-diseno-2016\/"]}]},{"@type":"ImageObject","inLanguage":"es","@id":"https:\/\/www.madera21.cl\/concursos\/convocatorias\/concurso-de-diseno-2016\/#primaryimage","url":"https:\/\/www.madera21.cl\/concursos\/wp-content\/uploads\/sites\/2\/2016\/03\/Header-DIs-2016.jpg","contentUrl":"https:\/\/www.madera21.cl\/concursos\/wp-content\/uploads\/sites\/2\/2016\/03\/Header-DIs-2016.jpg","width":1365,"height":274},{"@type":"BreadcrumbList","@id":"https:\/\/www.madera21.cl\/concursos\/convocatorias\/concurso-de-diseno-2016\/#breadcrumb","itemListElement":[{"@type":"ListItem","position":1,"name":"Portada","item":"https:\/\/www.madera21.cl\/concursos\/"},{"@type":"ListItem","position":2,"name":"Convocatorias","item":"https:\/\/www.madera21.cl\/concursos\/convocatorias\/"},{"@type":"ListItem","position":3,"name":"Concurso de Diseño 2016"}]},{"@type":"WebSite","@id":"https:\/\/www.madera21.cl\/concursos\/#website","url":"https:\/\/www.madera21.cl\/concursos\/","name":"concursos","description":"","publisher":{"@id":"https:\/\/www.madera21.cl\/concursos\/#organization"},"potentialAction":[{"@type":"SearchAction","target":{"@type":"EntryPoint","urlTemplate":"https:\/\/www.madera21.cl\/concursos\/?s={search_term_string}"},"query-input":{"@type":"PropertyValueSpecification","valueRequired":true,"valueName":"search_term_string"}}],"inLanguage":"es"},{"@type":"Organization","@id":"https:\/\/www.madera21.cl\/concursos\/#organization","name":"concursos","url":"https:\/\/www.madera21.cl\/concursos\/","logo":{"@type":"ImageObject","inLanguage":"es","@id":"https:\/\/www.madera21.cl\/concursos\/#\/schema\/logo\/image\/","url":"https:\/\/www.madera21.cl\/concursos\/wp-content\/uploads\/sites\/2\/2024\/10\/Logo_concursos.svg","contentUrl":"https:\/\/www.madera21.cl\/concursos\/wp-content\/uploads\/sites\/2\/2024\/10\/Logo_concursos.svg","width":249,"height":44,"caption":"concursos"},"image":{"@id":"https:\/\/www.madera21.cl\/concursos\/#\/schema\/logo\/image\/"}}]}</script>
<!-- / Yoast SEO plugin. -->

Concurso de Diseño 2016 - concursos

“¿Cuáles son las herramientas o dispositivos para desarrollar las habilidades intelectuales y lúdicas en los preescolares? Equipamiento para jardines infantiles y salas cuna de Chile” La V versión del Concurso de Diseño en Madera está dedicado al diseño de equipamiento, dispositivos y herramientas para jardines infantiles y salas cuna, concebidos para ofrecer soluciones innovadoras a [&hellip;]
