
{"id":6914,"date":"2022-03-09T11:58:15","date_gmt":"2022-03-09T14:58:15","guid":{"rendered":"https:\/\/www.madera21.cl\/concursos\/?post_type=convocatorias&#038;p=6914"},"modified":"2026-03-09T21:41:47","modified_gmt":"2026-03-10T00:41:47","slug":"concurso-de-arquitectura-2022","status":"publish","type":"convocatorias","link":"https:\/\/www.madera21.cl\/concursos\/convocatorias\/concurso-de-arquitectura-2022\/","title":{"rendered":"Concurso de Arquitectura 2022"},"content":{"rendered":"<h3><strong>Vivienda y Micro radicaci\u00f3n<\/strong><\/h3>\n<p>La falta de vivienda y el hacinamiento son el problema de mayor dificultad al cual se va a ver enfrentada la arquitectura en los pr\u00f3ximos a\u00f1os.<\/p>\n<p>Las posibles soluciones han sido insuficientes, y constantemente implican movilizar a la poblaci\u00f3n a la periferia de la ciudad, generando un divorcio de las redes laborales, los servicios de salud, educaci\u00f3n y muchas veces el tejido social que han construido durante a\u00f1os. Este conflicto se genera en gran medida por el acceso al suelo, el cual es escaso y producto de sus costos, empuja las viviendas hacia la periferia.<\/p>\n<p>La micro radicaci\u00f3n propone una estrategia que intensifica el uso del suelo disponible, utilizando el existente, haciendo del problema del hacinamiento una oportunidad para densificar con peque\u00f1os conjuntos de vivienda que permiten alojar un mayor n\u00famero en la misma superficie. Los lotes donde este fen\u00f3meno ocurre con mayor insistencia, son aquellos correspondientes a piezas de 9 x 18, 7 x 12 y 10 x 20, siendo regulares y de asociaciones racionales, armando cuadras y tramos de ciudad solo por agregaci\u00f3n.<\/p>\n<p>El concurso Madera21-Corma 2022 propone el desarrollo de proyectos de vivienda en madera para abordar este conflicto trabajando en uno de estos lotes, proponiendo densificar por medio de un peque\u00f1o conjunto de viviendas de 3 o 4 unidades.<\/p>\n<p>Los conjuntos se inscriben en un tejido espacial reglado por el lote. La madera deber\u00e1 entregar reglas dimensionales y estructurales al proyecto, entregando con ello posibilidades de flexibilizaci\u00f3n y confort a trav\u00e9s de sus excelentes caracter\u00edsticas. La madera de ingenier\u00eda e industrializada es actualmente el elemento base para proyectar una construcci\u00f3n en seco con un montaje r\u00e1pido, sin residuos ni impacto en el entorno. La prefabricaci\u00f3n y la posibilidad de repetici\u00f3n de la soluci\u00f3n, tanto a nivel del colectivo de la vivienda inscrita en el lote, o bien, la repetici\u00f3n a escala de un conjunto de lotes, permite estandarizar detalles, encuentros, revestimientos, cubiertas, entre otros, buscando con ello que la madera ofrezca soluciones flexibles, de alta calidad y econ\u00f3micamente viables.<\/p>\n<div class=\"likebtn_container\" style=\"\"><!-- LikeBtn.com BEGIN --><span class=\"likebtn-wrapper\"  data-identifier=\"convocatorias_6914\"  data-site_id=\"58d98cec943ec9601191557b\"  data-lang=\"es\"  data-style=\"\"  data-unlike_allowed=\"\"  data-show_copyright=\"\"  data-item_url=\"https:\/\/www.madera21.cl\/concursos\/convocatorias\/concurso-de-arquitectura-2022\/\"  data-item_title=\"Concurso de Arquitectura 2022\"  data-item_image=\"https:\/\/www.madera21.cl\/concursos\/wp-content\/uploads\/sites\/2\/2022\/03\/Header-Arq-2022-1024x206.jpg\"  data-item_date=\"2022-03-09T11:58:15-03:00\"  data-engine=\"WordPress\"  data-plugin_v=\"2.6.59\"  data-prx=\"https:\/\/www.madera21.cl\/concursos\/wp-admin\/admin-ajax.php?action=likebtn_prx\"  data-event_handler=\"likebtn_eh\" ><\/span><!-- LikeBtn.com END --><\/div>","protected":false},"featured_media":7042,"template":"","meta":{"_acf_changed":false},"anos":[406],"tipo":[393],"class_list":["post-6914","convocatorias","type-convocatorias","status-publish","has-post-thumbnail","hentry","anos-406","tipo-arquitectura"],"acf":[],"yoast_head":"<!-- This site is optimized with the Yoast SEO plugin v27.5 - https:\/\/yoast.com\/product\/yoast-seo-wordpress\/ -->\n<title>Concurso de Arquitectura 2022 - concursos<\/title>\n<meta name=\"robots\" content=\"index, follow, max-snippet:-1, max-image-preview:large, max-video-preview:-1\" \/>\n<link rel=\"canonical\" href=\"https:\/\/www.madera21.cl\/concursos\/convocatorias\/concurso-de-arquitectura-2022\/\" \/>\n<meta property=\"og:locale\" content=\"es_ES\" \/>\n<meta property=\"og:type\" content=\"article\" \/>\n<meta property=\"og:title\" content=\"Concurso de Arquitectura 2022 - concursos\" \/>\n<meta property=\"og:description\" content=\"Vivienda y Micro radicaci\u00f3n La falta de vivienda y el hacinamiento son el problema de mayor dificultad al cual se va a ver enfrentada la arquitectura en los pr\u00f3ximos a\u00f1os. Las posibles soluciones han sido insuficientes, y constantemente implican movilizar a la poblaci\u00f3n a la periferia de la ciudad, generando un divorcio de las redes [&hellip;]\" \/>\n<meta property=\"og:url\" content=\"https:\/\/www.madera21.cl\/concursos\/convocatorias\/concurso-de-arquitectura-2022\/\" \/>\n<meta property=\"og:site_name\" content=\"concursos\" \/>\n<meta property=\"article:modified_time\" content=\"2026-03-10T00:41:47+00:00\" \/>\n<meta property=\"og:image\" content=\"http:\/\/www.madera21.cl\/concursos\/wp-content\/uploads\/sites\/2\/2022\/03\/Header-Arq-2022.jpg\" \/>\n\t<meta property=\"og:image:width\" content=\"1365\" \/>\n\t<meta property=\"og:image:height\" content=\"274\" \/>\n\t<meta property=\"og:image:type\" content=\"image\/jpeg\" \/>\n<meta name=\"twitter:card\" content=\"summary_large_image\" \/>\n<meta name=\"twitter:label1\" content=\"Tiempo de lectura\" \/>\n\t<meta name=\"twitter:data1\" content=\"2 minutos\" \/>\n<script type=\"application\/ld+json\" class=\"yoast-schema-graph\">{\"@context\":\"https:\\\/\\\/schema.org\",\"@graph\":[{\"@type\":\"WebPage\",\"@id\":\"https:\\\/\\\/www.madera21.cl\\\/concursos\\\/convocatorias\\\/concurso-de-arquitectura-2022\\\/\",\"url\":\"https:\\\/\\\/www.madera21.cl\\\/concursos\\\/convocatorias\\\/concurso-de-arquitectura-2022\\\/\",\"name\":\"Concurso de Arquitectura 2022 - concursos\",\"isPartOf\":{\"@id\":\"https:\\\/\\\/www.madera21.cl\\\/concursos\\\/#website\"},\"primaryImageOfPage\":{\"@id\":\"https:\\\/\\\/www.madera21.cl\\\/concursos\\\/convocatorias\\\/concurso-de-arquitectura-2022\\\/#primaryimage\"},\"image\":{\"@id\":\"https:\\\/\\\/www.madera21.cl\\\/concursos\\\/convocatorias\\\/concurso-de-arquitectura-2022\\\/#primaryimage\"},\"thumbnailUrl\":\"https:\\\/\\\/www.madera21.cl\\\/concursos\\\/wp-content\\\/uploads\\\/sites\\\/2\\\/2022\\\/03\\\/Header-Arq-2022.jpg\",\"datePublished\":\"2022-03-09T14:58:15+00:00\",\"dateModified\":\"2026-03-10T00:41:47+00:00\",\"breadcrumb\":{\"@id\":\"https:\\\/\\\/www.madera21.cl\\\/concursos\\\/convocatorias\\\/concurso-de-arquitectura-2022\\\/#breadcrumb\"},\"inLanguage\":\"es\",\"potentialAction\":[{\"@type\":\"ReadAction\",\"target\":[\"https:\\\/\\\/www.madera21.cl\\\/concursos\\\/convocatorias\\\/concurso-de-arquitectura-2022\\\/\"]}]},{\"@type\":\"ImageObject\",\"inLanguage\":\"es\",\"@id\":\"https:\\\/\\\/www.madera21.cl\\\/concursos\\\/convocatorias\\\/concurso-de-arquitectura-2022\\\/#primaryimage\",\"url\":\"https:\\\/\\\/www.madera21.cl\\\/concursos\\\/wp-content\\\/uploads\\\/sites\\\/2\\\/2022\\\/03\\\/Header-Arq-2022.jpg\",\"contentUrl\":\"https:\\\/\\\/www.madera21.cl\\\/concursos\\\/wp-content\\\/uploads\\\/sites\\\/2\\\/2022\\\/03\\\/Header-Arq-2022.jpg\",\"width\":1365,\"height\":274},{\"@type\":\"BreadcrumbList\",\"@id\":\"https:\\\/\\\/www.madera21.cl\\\/concursos\\\/convocatorias\\\/concurso-de-arquitectura-2022\\\/#breadcrumb\",\"itemListElement\":[{\"@type\":\"ListItem\",\"position\":1,\"name\":\"Portada\",\"item\":\"https:\\\/\\\/www.madera21.cl\\\/concursos\\\/\"},{\"@type\":\"ListItem\",\"position\":2,\"name\":\"Convocatorias\",\"item\":\"https:\\\/\\\/www.madera21.cl\\\/concursos\\\/convocatorias\\\/\"},{\"@type\":\"ListItem\",\"position\":3,\"name\":\"Concurso de Arquitectura 2022\"}]},{\"@type\":\"WebSite\",\"@id\":\"https:\\\/\\\/www.madera21.cl\\\/concursos\\\/#website\",\"url\":\"https:\\\/\\\/www.madera21.cl\\\/concursos\\\/\",\"name\":\"concursos\",\"description\":\"\",\"publisher\":{\"@id\":\"https:\\\/\\\/www.madera21.cl\\\/concursos\\\/#organization\"},\"potentialAction\":[{\"@type\":\"SearchAction\",\"target\":{\"@type\":\"EntryPoint\",\"urlTemplate\":\"https:\\\/\\\/www.madera21.cl\\\/concursos\\\/?s={search_term_string}\"},\"query-input\":{\"@type\":\"PropertyValueSpecification\",\"valueRequired\":true,\"valueName\":\"search_term_string\"}}],\"inLanguage\":\"es\"},{\"@type\":\"Organization\",\"@id\":\"https:\\\/\\\/www.madera21.cl\\\/concursos\\\/#organization\",\"name\":\"concursos\",\"url\":\"https:\\\/\\\/www.madera21.cl\\\/concursos\\\/\",\"logo\":{\"@type\":\"ImageObject\",\"inLanguage\":\"es\",\"@id\":\"https:\\\/\\\/www.madera21.cl\\\/concursos\\\/#\\\/schema\\\/logo\\\/image\\\/\",\"url\":\"https:\\\/\\\/www.madera21.cl\\\/concursos\\\/wp-content\\\/uploads\\\/sites\\\/2\\\/2024\\\/10\\\/Logo_concursos.svg\",\"contentUrl\":\"https:\\\/\\\/www.madera21.cl\\\/concursos\\\/wp-content\\\/uploads\\\/sites\\\/2\\\/2024\\\/10\\\/Logo_concursos.svg\",\"width\":249,\"height\":44,\"caption\":\"concursos\"},\"image\":{\"@id\":\"https:\\\/\\\/www.madera21.cl\\\/concursos\\\/#\\\/schema\\\/logo\\\/image\\\/\"}}]}<\/script>\n<!-- \/ Yoast SEO plugin. -->","yoast_head_json":{"title":"Concurso de Arquitectura 2022 - concursos","robots":{"index":"index","follow":"follow","max-snippet":"max-snippet:-1","max-image-preview":"max-image-preview:large","max-video-preview":"max-video-preview:-1"},"canonical":"https:\/\/www.madera21.cl\/concursos\/convocatorias\/concurso-de-arquitectura-2022\/","og_locale":"es_ES","og_type":"article","og_title":"Concurso de Arquitectura 2022 - concursos","og_description":"Vivienda y Micro radicaci\u00f3n La falta de vivienda y el hacinamiento son el problema de mayor dificultad al cual se va a ver enfrentada la arquitectura en los pr\u00f3ximos a\u00f1os. Las posibles soluciones han sido insuficientes, y constantemente implican movilizar a la poblaci\u00f3n a la periferia de la ciudad, generando un divorcio de las redes [&hellip;]","og_url":"https:\/\/www.madera21.cl\/concursos\/convocatorias\/concurso-de-arquitectura-2022\/","og_site_name":"concursos","article_modified_time":"2026-03-10T00:41:47+00:00","og_image":[{"width":1365,"height":274,"url":"http:\/\/www.madera21.cl\/concursos\/wp-content\/uploads\/sites\/2\/2022\/03\/Header-Arq-2022.jpg","type":"image\/jpeg"}],"twitter_card":"summary_large_image","twitter_misc":{"Tiempo de lectura":"2 minutos"},"schema":{"@context":"https:\/\/schema.org","@graph":[{"@type":"WebPage","@id":"https:\/\/www.madera21.cl\/concursos\/convocatorias\/concurso-de-arquitectura-2022\/","url":"https:\/\/www.madera21.cl\/concursos\/convocatorias\/concurso-de-arquitectura-2022\/","name":"Concurso de Arquitectura 2022 - concursos","isPartOf":{"@id":"https:\/\/www.madera21.cl\/concursos\/#website"},"primaryImageOfPage":{"@id":"https:\/\/www.madera21.cl\/concursos\/convocatorias\/concurso-de-arquitectura-2022\/#primaryimage"},"image":{"@id":"https:\/\/www.madera21.cl\/concursos\/convocatorias\/concurso-de-arquitectura-2022\/#primaryimage"},"thumbnailUrl":"https:\/\/www.madera21.cl\/concursos\/wp-content\/uploads\/sites\/2\/2022\/03\/Header-Arq-2022.jpg","datePublished":"2022-03-09T14:58:15+00:00","dateModified":"2026-03-10T00:41:47+00:00","breadcrumb":{"@id":"https:\/\/www.madera21.cl\/concursos\/convocatorias\/concurso-de-arquitectura-2022\/#breadcrumb"},"inLanguage":"es","potentialAction":[{"@type":"ReadAction","target":["https:\/\/www.madera21.cl\/concursos\/convocatorias\/concurso-de-arquitectura-2022\/"]}]},{"@type":"ImageObject","inLanguage":"es","@id":"https:\/\/www.madera21.cl\/concursos\/convocatorias\/concurso-de-arquitectura-2022\/#primaryimage","url":"https:\/\/www.madera21.cl\/concursos\/wp-content\/uploads\/sites\/2\/2022\/03\/Header-Arq-2022.jpg","contentUrl":"https:\/\/www.madera21.cl\/concursos\/wp-content\/uploads\/sites\/2\/2022\/03\/Header-Arq-2022.jpg","width":1365,"height":274},{"@type":"BreadcrumbList","@id":"https:\/\/www.madera21.cl\/concursos\/convocatorias\/concurso-de-arquitectura-2022\/#breadcrumb","itemListElement":[{"@type":"ListItem","position":1,"name":"Portada","item":"https:\/\/www.madera21.cl\/concursos\/"},{"@type":"ListItem","position":2,"name":"Convocatorias","item":"https:\/\/www.madera21.cl\/concursos\/convocatorias\/"},{"@type":"ListItem","position":3,"name":"Concurso de Arquitectura 2022"}]},{"@type":"WebSite","@id":"https:\/\/www.madera21.cl\/concursos\/#website","url":"https:\/\/www.madera21.cl\/concursos\/","name":"concursos","description":"","publisher":{"@id":"https:\/\/www.madera21.cl\/concursos\/#organization"},"potentialAction":[{"@type":"SearchAction","target":{"@type":"EntryPoint","urlTemplate":"https:\/\/www.madera21.cl\/concursos\/?s={search_term_string}"},"query-input":{"@type":"PropertyValueSpecification","valueRequired":true,"valueName":"search_term_string"}}],"inLanguage":"es"},{"@type":"Organization","@id":"https:\/\/www.madera21.cl\/concursos\/#organization","name":"concursos","url":"https:\/\/www.madera21.cl\/concursos\/","logo":{"@type":"ImageObject","inLanguage":"es","@id":"https:\/\/www.madera21.cl\/concursos\/#\/schema\/logo\/image\/","url":"https:\/\/www.madera21.cl\/concursos\/wp-content\/uploads\/sites\/2\/2024\/10\/Logo_concursos.svg","contentUrl":"https:\/\/www.madera21.cl\/concursos\/wp-content\/uploads\/sites\/2\/2024\/10\/Logo_concursos.svg","width":249,"height":44,"caption":"concursos"},"image":{"@id":"https:\/\/www.madera21.cl\/concursos\/#\/schema\/logo\/image\/"}}]}},"_links":{"self":[{"href":"https:\/\/www.madera21.cl\/concursos\/wp-json\/wp\/v2\/convocatorias\/6914","targetHints":{"allow":["GET"]}}],"collection":[{"href":"https:\/\/www.madera21.cl\/concursos\/wp-json\/wp\/v2\/convocatorias"}],"about":[{"href":"https:\/\/www.madera21.cl\/concursos\/wp-json\/wp\/v2\/types\/convocatorias"}],"wp:featuredmedia":[{"embeddable":true,"href":"https:\/\/www.madera21.cl\/concursos\/wp-json\/wp\/v2\/media\/7042"}],"wp:attachment":[{"href":"https:\/\/www.madera21.cl\/concursos\/wp-json\/wp\/v2\/media?parent=6914"}],"wp:term":[{"taxonomy":"anos","embeddable":true,"href":"https:\/\/www.madera21.cl\/concursos\/wp-json\/wp\/v2\/anos?post=6914"},{"taxonomy":"tipo","embeddable":true,"href":"https:\/\/www.madera21.cl\/concursos\/wp-json\/wp\/v2\/tipo?post=6914"}],"curies":[{"name":"wp","href":"https:\/\/api.w.org\/{rel}","templated":true}]}}

<h3><strong>Vivienda y Micro radicación</strong></h3>
<p>La falta de vivienda y el hacinamiento son el problema de mayor dificultad al cual se va a ver enfrentada la arquitectura en los próximos años.</p>
<p>Las posibles soluciones han sido insuficientes, y constantemente implican movilizar a la población a la periferia de la ciudad, generando un divorcio de las redes laborales, los servicios de salud, educación y muchas veces el tejido social que han construido durante años. Este conflicto se genera en gran medida por el acceso al suelo, el cual es escaso y producto de sus costos, empuja las viviendas hacia la periferia.</p>
<p>La micro radicación propone una estrategia que intensifica el uso del suelo disponible, utilizando el existente, haciendo del problema del hacinamiento una oportunidad para densificar con pequeños conjuntos de vivienda que permiten alojar un mayor número en la misma superficie. Los lotes donde este fenómeno ocurre con mayor insistencia, son aquellos correspondientes a piezas de 9 x 18, 7 x 12 y 10 x 20, siendo regulares y de asociaciones racionales, armando cuadras y tramos de ciudad solo por agregación.</p>
<p>El concurso Madera21-Corma 2022 propone el desarrollo de proyectos de vivienda en madera para abordar este conflicto trabajando en uno de estos lotes, proponiendo densificar por medio de un pequeño conjunto de viviendas de 3 o 4 unidades.</p>
<p>Los conjuntos se inscriben en un tejido espacial reglado por el lote. La madera deberá entregar reglas dimensionales y estructurales al proyecto, entregando con ello posibilidades de flexibilización y confort a través de sus excelentes características. La madera de ingeniería e industrializada es actualmente el elemento base para proyectar una construcción en seco con un montaje rápido, sin residuos ni impacto en el entorno. La prefabricación y la posibilidad de repetición de la solución, tanto a nivel del colectivo de la vivienda inscrita en el lote, o bien, la repetición a escala de un conjunto de lotes, permite estandarizar detalles, encuentros, revestimientos, cubiertas, entre otros, buscando con ello que la madera ofrezca soluciones flexibles, de alta calidad y económicamente viables.</p>
<div class="likebtn_container" style=""><!-- LikeBtn.com BEGIN --><span class="likebtn-wrapper"  data-identifier="convocatorias_6914"  data-site_id="58d98cec943ec9601191557b"  data-lang="es"  data-style=""  data-unlike_allowed=""  data-show_copyright=""  data-item_url="https://www.madera21.cl/concursos/convocatorias/concurso-de-arquitectura-2022/"  data-item_title="Concurso de Arquitectura 2022"  data-item_image="https://www.madera21.cl/concursos/wp-content/uploads/sites/2/2022/03/Header-Arq-2022-1024x206.jpg"  data-item_date="2022-03-09T11:58:15-03:00"  data-engine="WordPress"  data-plugin_v="2.6.59"  data-prx="https://www.madera21.cl/concursos/wp-admin/admin-ajax.php?action=likebtn_prx"  data-event_handler="likebtn_eh" ></span><!-- LikeBtn.com END --></div>

<!-- This site is optimized with the Yoast SEO plugin v27.5 - https://yoast.com/product/yoast-seo-wordpress/ -->
<title>Concurso de Arquitectura 2022 - concursos</title>
<meta name="robots" content="index, follow, max-snippet:-1, max-image-preview:large, max-video-preview:-1" />
<link rel="canonical" href="https://www.madera21.cl/concursos/convocatorias/concurso-de-arquitectura-2022/" />
<meta property="og:locale" content="es_ES" />
<meta property="og:type" content="article" />
<meta property="og:title" content="Concurso de Arquitectura 2022 - concursos" />
<meta property="og:description" content="Vivienda y Micro radicación La falta de vivienda y el hacinamiento son el problema de mayor dificultad al cual se va a ver enfrentada la arquitectura en los próximos años. Las posibles soluciones han sido insuficientes, y constantemente implican movilizar a la población a la periferia de la ciudad, generando un divorcio de las redes [&hellip;]" />
<meta property="og:url" content="https://www.madera21.cl/concursos/convocatorias/concurso-de-arquitectura-2022/" />
<meta property="og:site_name" content="concursos" />
<meta property="article:modified_time" content="2026-03-10T00:41:47+00:00" />
<meta property="og:image" content="http://www.madera21.cl/concursos/wp-content/uploads/sites/2/2022/03/Header-Arq-2022.jpg" />
	<meta property="og:image:width" content="1365" />
	<meta property="og:image:height" content="274" />
	<meta property="og:image:type" content="image/jpeg" />
<meta name="twitter:card" content="summary_large_image" />
<meta name="twitter:label1" content="Tiempo de lectura" />
	<meta name="twitter:data1" content="2 minutos" />
<script type="application/ld+json" class="yoast-schema-graph">{"@context":"https:\/\/schema.org","@graph":[{"@type":"WebPage","@id":"https:\/\/www.madera21.cl\/concursos\/convocatorias\/concurso-de-arquitectura-2022\/","url":"https:\/\/www.madera21.cl\/concursos\/convocatorias\/concurso-de-arquitectura-2022\/","name":"Concurso de Arquitectura 2022 - concursos","isPartOf":{"@id":"https:\/\/www.madera21.cl\/concursos\/#website"},"primaryImageOfPage":{"@id":"https:\/\/www.madera21.cl\/concursos\/convocatorias\/concurso-de-arquitectura-2022\/#primaryimage"},"image":{"@id":"https:\/\/www.madera21.cl\/concursos\/convocatorias\/concurso-de-arquitectura-2022\/#primaryimage"},"thumbnailUrl":"https:\/\/www.madera21.cl\/concursos\/wp-content\/uploads\/sites\/2\/2022\/03\/Header-Arq-2022.jpg","datePublished":"2022-03-09T14:58:15+00:00","dateModified":"2026-03-10T00:41:47+00:00","breadcrumb":{"@id":"https:\/\/www.madera21.cl\/concursos\/convocatorias\/concurso-de-arquitectura-2022\/#breadcrumb"},"inLanguage":"es","potentialAction":[{"@type":"ReadAction","target":["https:\/\/www.madera21.cl\/concursos\/convocatorias\/concurso-de-arquitectura-2022\/"]}]},{"@type":"ImageObject","inLanguage":"es","@id":"https:\/\/www.madera21.cl\/concursos\/convocatorias\/concurso-de-arquitectura-2022\/#primaryimage","url":"https:\/\/www.madera21.cl\/concursos\/wp-content\/uploads\/sites\/2\/2022\/03\/Header-Arq-2022.jpg","contentUrl":"https:\/\/www.madera21.cl\/concursos\/wp-content\/uploads\/sites\/2\/2022\/03\/Header-Arq-2022.jpg","width":1365,"height":274},{"@type":"BreadcrumbList","@id":"https:\/\/www.madera21.cl\/concursos\/convocatorias\/concurso-de-arquitectura-2022\/#breadcrumb","itemListElement":[{"@type":"ListItem","position":1,"name":"Portada","item":"https:\/\/www.madera21.cl\/concursos\/"},{"@type":"ListItem","position":2,"name":"Convocatorias","item":"https:\/\/www.madera21.cl\/concursos\/convocatorias\/"},{"@type":"ListItem","position":3,"name":"Concurso de Arquitectura 2022"}]},{"@type":"WebSite","@id":"https:\/\/www.madera21.cl\/concursos\/#website","url":"https:\/\/www.madera21.cl\/concursos\/","name":"concursos","description":"","publisher":{"@id":"https:\/\/www.madera21.cl\/concursos\/#organization"},"potentialAction":[{"@type":"SearchAction","target":{"@type":"EntryPoint","urlTemplate":"https:\/\/www.madera21.cl\/concursos\/?s={search_term_string}"},"query-input":{"@type":"PropertyValueSpecification","valueRequired":true,"valueName":"search_term_string"}}],"inLanguage":"es"},{"@type":"Organization","@id":"https:\/\/www.madera21.cl\/concursos\/#organization","name":"concursos","url":"https:\/\/www.madera21.cl\/concursos\/","logo":{"@type":"ImageObject","inLanguage":"es","@id":"https:\/\/www.madera21.cl\/concursos\/#\/schema\/logo\/image\/","url":"https:\/\/www.madera21.cl\/concursos\/wp-content\/uploads\/sites\/2\/2024\/10\/Logo_concursos.svg","contentUrl":"https:\/\/www.madera21.cl\/concursos\/wp-content\/uploads\/sites\/2\/2024\/10\/Logo_concursos.svg","width":249,"height":44,"caption":"concursos"},"image":{"@id":"https:\/\/www.madera21.cl\/concursos\/#\/schema\/logo\/image\/"}}]}</script>
<!-- / Yoast SEO plugin. -->

Vivienda y Micro radicación La falta de vivienda y el hacinamiento son el problema de mayor dificultad al cual se va a ver enfrentada la arquitectura en los próximos años. Las posibles soluciones han sido insuficientes, y constantemente implican movilizar a la población a la periferia de la ciudad, generando un divorcio de las redes [&hellip;]
