
{"id":7013,"date":"2018-03-03T18:59:54","date_gmt":"2018-03-03T21:59:54","guid":{"rendered":"https:\/\/www.madera21.cl\/concursos\/?post_type=convocatorias&#038;p=7013"},"modified":"2026-03-09T21:54:57","modified_gmt":"2026-03-10T00:54:57","slug":"concurso-fotografia-madera-en-la-mira-2018","status":"publish","type":"convocatorias","link":"https:\/\/www.madera21.cl\/concursos\/convocatorias\/concurso-fotografia-madera-en-la-mira-2018\/","title":{"rendered":"Concurso Fotograf\u00eda Madera en la Mira 2018"},"content":{"rendered":"<p>Madera21 te invita a participar en la segunda versi\u00f3n de los\u00a0<strong>Premios del p\u00fablico Semana de la Madera 2018: Fotograf\u00eda en madera.<\/strong><\/p>\n<p>La madera es un material vers\u00e1til y que nos acompa\u00f1a en nuestra vida diaria de diferentes maneras. El objetivo de este primer concurso de fotograf\u00eda es darnos cuenta de esta relaci\u00f3n continua que tenemos con la madera, mostrando as\u00ed diferentes situaciones en las que interactuamos con este material.<\/p>\n<p>La tem\u00e1tica ser\u00e1 abierta, pero el enfoque debe estar relacionado en nuestra relaci\u00f3n diaria con la madera.<\/p>\n<p>Las fotograf\u00edas seleccionadas ser\u00e1n votadas por el p\u00fablico y exhibidas en la Semana de la Madera 2018, a desarrollarse en el Centro Cultural Gabriela Mistral desde el 23 al 27 de agosto.<\/p>\n<p>M\u00e1s informaciones y postulaciones en\u00a0www.madera21.cl\u00a0y semanadelamadera.cl<\/p>\n<div class=\"likebtn_container\" style=\"\"><!-- LikeBtn.com BEGIN --><span class=\"likebtn-wrapper\"  data-identifier=\"convocatorias_7013\"  data-site_id=\"58d98cec943ec9601191557b\"  data-lang=\"es\"  data-style=\"\"  data-unlike_allowed=\"\"  data-show_copyright=\"\"  data-item_url=\"https:\/\/www.madera21.cl\/concursos\/convocatorias\/concurso-fotografia-madera-en-la-mira-2018\/\"  data-item_title=\"Concurso Fotograf\u00eda Madera en la Mira 2018\"  data-item_image=\"https:\/\/www.madera21.cl\/concursos\/wp-content\/uploads\/sites\/2\/2018\/03\/Header-Fotos-2018-1024x206.jpg\"  data-item_date=\"2018-03-03T18:59:54-03:00\"  data-engine=\"WordPress\"  data-plugin_v=\"2.6.59\"  data-prx=\"https:\/\/www.madera21.cl\/concursos\/wp-admin\/admin-ajax.php?action=likebtn_prx\"  data-event_handler=\"likebtn_eh\" ><\/span><!-- LikeBtn.com END --><\/div>","protected":false},"featured_media":7071,"template":"","meta":{"_acf_changed":false},"anos":[439],"tipo":[443],"class_list":["post-7013","convocatorias","type-convocatorias","status-publish","has-post-thumbnail","hentry","anos-439","tipo-otros"],"acf":[],"yoast_head":"<!-- This site is optimized with the Yoast SEO plugin v27.5 - https:\/\/yoast.com\/product\/yoast-seo-wordpress\/ -->\n<title>Concurso Fotograf\u00eda Madera en la Mira 2018 - concursos<\/title>\n<meta name=\"robots\" content=\"index, follow, max-snippet:-1, max-image-preview:large, max-video-preview:-1\" \/>\n<link rel=\"canonical\" href=\"https:\/\/www.madera21.cl\/concursos\/convocatorias\/concurso-fotografia-madera-en-la-mira-2018\/\" \/>\n<meta property=\"og:locale\" content=\"es_ES\" \/>\n<meta property=\"og:type\" content=\"article\" \/>\n<meta property=\"og:title\" content=\"Concurso Fotograf\u00eda Madera en la Mira 2018 - concursos\" \/>\n<meta property=\"og:description\" content=\"Madera21 te invita a participar en la segunda versi\u00f3n de los\u00a0Premios del p\u00fablico Semana de la Madera 2018: Fotograf\u00eda en madera. La madera es un material vers\u00e1til y que nos acompa\u00f1a en nuestra vida diaria de diferentes maneras. El objetivo de este primer concurso de fotograf\u00eda es darnos cuenta de esta relaci\u00f3n continua que tenemos [&hellip;]\" \/>\n<meta property=\"og:url\" content=\"https:\/\/www.madera21.cl\/concursos\/convocatorias\/concurso-fotografia-madera-en-la-mira-2018\/\" \/>\n<meta property=\"og:site_name\" content=\"concursos\" \/>\n<meta property=\"article:modified_time\" content=\"2026-03-10T00:54:57+00:00\" \/>\n<meta property=\"og:image\" content=\"http:\/\/www.madera21.cl\/concursos\/wp-content\/uploads\/sites\/2\/2018\/03\/Header-Fotos-2018.jpg\" \/>\n\t<meta property=\"og:image:width\" content=\"1365\" \/>\n\t<meta property=\"og:image:height\" content=\"274\" \/>\n\t<meta property=\"og:image:type\" content=\"image\/jpeg\" \/>\n<meta name=\"twitter:card\" content=\"summary_large_image\" \/>\n<meta name=\"twitter:label1\" content=\"Tiempo de lectura\" \/>\n\t<meta name=\"twitter:data1\" content=\"1 minuto\" \/>\n<script type=\"application\/ld+json\" class=\"yoast-schema-graph\">{\"@context\":\"https:\\\/\\\/schema.org\",\"@graph\":[{\"@type\":\"WebPage\",\"@id\":\"https:\\\/\\\/www.madera21.cl\\\/concursos\\\/convocatorias\\\/concurso-fotografia-madera-en-la-mira-2018\\\/\",\"url\":\"https:\\\/\\\/www.madera21.cl\\\/concursos\\\/convocatorias\\\/concurso-fotografia-madera-en-la-mira-2018\\\/\",\"name\":\"Concurso Fotograf\u00eda Madera en la Mira 2018 - concursos\",\"isPartOf\":{\"@id\":\"https:\\\/\\\/www.madera21.cl\\\/concursos\\\/#website\"},\"primaryImageOfPage\":{\"@id\":\"https:\\\/\\\/www.madera21.cl\\\/concursos\\\/convocatorias\\\/concurso-fotografia-madera-en-la-mira-2018\\\/#primaryimage\"},\"image\":{\"@id\":\"https:\\\/\\\/www.madera21.cl\\\/concursos\\\/convocatorias\\\/concurso-fotografia-madera-en-la-mira-2018\\\/#primaryimage\"},\"thumbnailUrl\":\"https:\\\/\\\/www.madera21.cl\\\/concursos\\\/wp-content\\\/uploads\\\/sites\\\/2\\\/2018\\\/03\\\/Header-Fotos-2018.jpg\",\"datePublished\":\"2018-03-03T21:59:54+00:00\",\"dateModified\":\"2026-03-10T00:54:57+00:00\",\"breadcrumb\":{\"@id\":\"https:\\\/\\\/www.madera21.cl\\\/concursos\\\/convocatorias\\\/concurso-fotografia-madera-en-la-mira-2018\\\/#breadcrumb\"},\"inLanguage\":\"es\",\"potentialAction\":[{\"@type\":\"ReadAction\",\"target\":[\"https:\\\/\\\/www.madera21.cl\\\/concursos\\\/convocatorias\\\/concurso-fotografia-madera-en-la-mira-2018\\\/\"]}]},{\"@type\":\"ImageObject\",\"inLanguage\":\"es\",\"@id\":\"https:\\\/\\\/www.madera21.cl\\\/concursos\\\/convocatorias\\\/concurso-fotografia-madera-en-la-mira-2018\\\/#primaryimage\",\"url\":\"https:\\\/\\\/www.madera21.cl\\\/concursos\\\/wp-content\\\/uploads\\\/sites\\\/2\\\/2018\\\/03\\\/Header-Fotos-2018.jpg\",\"contentUrl\":\"https:\\\/\\\/www.madera21.cl\\\/concursos\\\/wp-content\\\/uploads\\\/sites\\\/2\\\/2018\\\/03\\\/Header-Fotos-2018.jpg\",\"width\":1365,\"height\":274},{\"@type\":\"BreadcrumbList\",\"@id\":\"https:\\\/\\\/www.madera21.cl\\\/concursos\\\/convocatorias\\\/concurso-fotografia-madera-en-la-mira-2018\\\/#breadcrumb\",\"itemListElement\":[{\"@type\":\"ListItem\",\"position\":1,\"name\":\"Portada\",\"item\":\"https:\\\/\\\/www.madera21.cl\\\/concursos\\\/\"},{\"@type\":\"ListItem\",\"position\":2,\"name\":\"Convocatorias\",\"item\":\"https:\\\/\\\/www.madera21.cl\\\/concursos\\\/convocatorias\\\/\"},{\"@type\":\"ListItem\",\"position\":3,\"name\":\"Concurso Fotograf\u00eda Madera en la Mira 2018\"}]},{\"@type\":\"WebSite\",\"@id\":\"https:\\\/\\\/www.madera21.cl\\\/concursos\\\/#website\",\"url\":\"https:\\\/\\\/www.madera21.cl\\\/concursos\\\/\",\"name\":\"concursos\",\"description\":\"\",\"publisher\":{\"@id\":\"https:\\\/\\\/www.madera21.cl\\\/concursos\\\/#organization\"},\"potentialAction\":[{\"@type\":\"SearchAction\",\"target\":{\"@type\":\"EntryPoint\",\"urlTemplate\":\"https:\\\/\\\/www.madera21.cl\\\/concursos\\\/?s={search_term_string}\"},\"query-input\":{\"@type\":\"PropertyValueSpecification\",\"valueRequired\":true,\"valueName\":\"search_term_string\"}}],\"inLanguage\":\"es\"},{\"@type\":\"Organization\",\"@id\":\"https:\\\/\\\/www.madera21.cl\\\/concursos\\\/#organization\",\"name\":\"concursos\",\"url\":\"https:\\\/\\\/www.madera21.cl\\\/concursos\\\/\",\"logo\":{\"@type\":\"ImageObject\",\"inLanguage\":\"es\",\"@id\":\"https:\\\/\\\/www.madera21.cl\\\/concursos\\\/#\\\/schema\\\/logo\\\/image\\\/\",\"url\":\"https:\\\/\\\/www.madera21.cl\\\/concursos\\\/wp-content\\\/uploads\\\/sites\\\/2\\\/2024\\\/10\\\/Logo_concursos.svg\",\"contentUrl\":\"https:\\\/\\\/www.madera21.cl\\\/concursos\\\/wp-content\\\/uploads\\\/sites\\\/2\\\/2024\\\/10\\\/Logo_concursos.svg\",\"width\":249,\"height\":44,\"caption\":\"concursos\"},\"image\":{\"@id\":\"https:\\\/\\\/www.madera21.cl\\\/concursos\\\/#\\\/schema\\\/logo\\\/image\\\/\"}}]}<\/script>\n<!-- \/ Yoast SEO plugin. -->","yoast_head_json":{"title":"Concurso Fotograf\u00eda Madera en la Mira 2018 - concursos","robots":{"index":"index","follow":"follow","max-snippet":"max-snippet:-1","max-image-preview":"max-image-preview:large","max-video-preview":"max-video-preview:-1"},"canonical":"https:\/\/www.madera21.cl\/concursos\/convocatorias\/concurso-fotografia-madera-en-la-mira-2018\/","og_locale":"es_ES","og_type":"article","og_title":"Concurso Fotograf\u00eda Madera en la Mira 2018 - concursos","og_description":"Madera21 te invita a participar en la segunda versi\u00f3n de los\u00a0Premios del p\u00fablico Semana de la Madera 2018: Fotograf\u00eda en madera. La madera es un material vers\u00e1til y que nos acompa\u00f1a en nuestra vida diaria de diferentes maneras. El objetivo de este primer concurso de fotograf\u00eda es darnos cuenta de esta relaci\u00f3n continua que tenemos [&hellip;]","og_url":"https:\/\/www.madera21.cl\/concursos\/convocatorias\/concurso-fotografia-madera-en-la-mira-2018\/","og_site_name":"concursos","article_modified_time":"2026-03-10T00:54:57+00:00","og_image":[{"width":1365,"height":274,"url":"http:\/\/www.madera21.cl\/concursos\/wp-content\/uploads\/sites\/2\/2018\/03\/Header-Fotos-2018.jpg","type":"image\/jpeg"}],"twitter_card":"summary_large_image","twitter_misc":{"Tiempo de lectura":"1 minuto"},"schema":{"@context":"https:\/\/schema.org","@graph":[{"@type":"WebPage","@id":"https:\/\/www.madera21.cl\/concursos\/convocatorias\/concurso-fotografia-madera-en-la-mira-2018\/","url":"https:\/\/www.madera21.cl\/concursos\/convocatorias\/concurso-fotografia-madera-en-la-mira-2018\/","name":"Concurso Fotograf\u00eda Madera en la Mira 2018 - concursos","isPartOf":{"@id":"https:\/\/www.madera21.cl\/concursos\/#website"},"primaryImageOfPage":{"@id":"https:\/\/www.madera21.cl\/concursos\/convocatorias\/concurso-fotografia-madera-en-la-mira-2018\/#primaryimage"},"image":{"@id":"https:\/\/www.madera21.cl\/concursos\/convocatorias\/concurso-fotografia-madera-en-la-mira-2018\/#primaryimage"},"thumbnailUrl":"https:\/\/www.madera21.cl\/concursos\/wp-content\/uploads\/sites\/2\/2018\/03\/Header-Fotos-2018.jpg","datePublished":"2018-03-03T21:59:54+00:00","dateModified":"2026-03-10T00:54:57+00:00","breadcrumb":{"@id":"https:\/\/www.madera21.cl\/concursos\/convocatorias\/concurso-fotografia-madera-en-la-mira-2018\/#breadcrumb"},"inLanguage":"es","potentialAction":[{"@type":"ReadAction","target":["https:\/\/www.madera21.cl\/concursos\/convocatorias\/concurso-fotografia-madera-en-la-mira-2018\/"]}]},{"@type":"ImageObject","inLanguage":"es","@id":"https:\/\/www.madera21.cl\/concursos\/convocatorias\/concurso-fotografia-madera-en-la-mira-2018\/#primaryimage","url":"https:\/\/www.madera21.cl\/concursos\/wp-content\/uploads\/sites\/2\/2018\/03\/Header-Fotos-2018.jpg","contentUrl":"https:\/\/www.madera21.cl\/concursos\/wp-content\/uploads\/sites\/2\/2018\/03\/Header-Fotos-2018.jpg","width":1365,"height":274},{"@type":"BreadcrumbList","@id":"https:\/\/www.madera21.cl\/concursos\/convocatorias\/concurso-fotografia-madera-en-la-mira-2018\/#breadcrumb","itemListElement":[{"@type":"ListItem","position":1,"name":"Portada","item":"https:\/\/www.madera21.cl\/concursos\/"},{"@type":"ListItem","position":2,"name":"Convocatorias","item":"https:\/\/www.madera21.cl\/concursos\/convocatorias\/"},{"@type":"ListItem","position":3,"name":"Concurso Fotograf\u00eda Madera en la Mira 2018"}]},{"@type":"WebSite","@id":"https:\/\/www.madera21.cl\/concursos\/#website","url":"https:\/\/www.madera21.cl\/concursos\/","name":"concursos","description":"","publisher":{"@id":"https:\/\/www.madera21.cl\/concursos\/#organization"},"potentialAction":[{"@type":"SearchAction","target":{"@type":"EntryPoint","urlTemplate":"https:\/\/www.madera21.cl\/concursos\/?s={search_term_string}"},"query-input":{"@type":"PropertyValueSpecification","valueRequired":true,"valueName":"search_term_string"}}],"inLanguage":"es"},{"@type":"Organization","@id":"https:\/\/www.madera21.cl\/concursos\/#organization","name":"concursos","url":"https:\/\/www.madera21.cl\/concursos\/","logo":{"@type":"ImageObject","inLanguage":"es","@id":"https:\/\/www.madera21.cl\/concursos\/#\/schema\/logo\/image\/","url":"https:\/\/www.madera21.cl\/concursos\/wp-content\/uploads\/sites\/2\/2024\/10\/Logo_concursos.svg","contentUrl":"https:\/\/www.madera21.cl\/concursos\/wp-content\/uploads\/sites\/2\/2024\/10\/Logo_concursos.svg","width":249,"height":44,"caption":"concursos"},"image":{"@id":"https:\/\/www.madera21.cl\/concursos\/#\/schema\/logo\/image\/"}}]}},"_links":{"self":[{"href":"https:\/\/www.madera21.cl\/concursos\/wp-json\/wp\/v2\/convocatorias\/7013","targetHints":{"allow":["GET"]}}],"collection":[{"href":"https:\/\/www.madera21.cl\/concursos\/wp-json\/wp\/v2\/convocatorias"}],"about":[{"href":"https:\/\/www.madera21.cl\/concursos\/wp-json\/wp\/v2\/types\/convocatorias"}],"wp:featuredmedia":[{"embeddable":true,"href":"https:\/\/www.madera21.cl\/concursos\/wp-json\/wp\/v2\/media\/7071"}],"wp:attachment":[{"href":"https:\/\/www.madera21.cl\/concursos\/wp-json\/wp\/v2\/media?parent=7013"}],"wp:term":[{"taxonomy":"anos","embeddable":true,"href":"https:\/\/www.madera21.cl\/concursos\/wp-json\/wp\/v2\/anos?post=7013"},{"taxonomy":"tipo","embeddable":true,"href":"https:\/\/www.madera21.cl\/concursos\/wp-json\/wp\/v2\/tipo?post=7013"}],"curies":[{"name":"wp","href":"https:\/\/api.w.org\/{rel}","templated":true}]}}

Concurso Fotografía Madera en la Mira 2018

<p>Madera21 te invita a participar en la segunda versión de los <strong>Premios del público Semana de la Madera 2018: Fotografía en madera.</strong></p>
<p>La madera es un material versátil y que nos acompaña en nuestra vida diaria de diferentes maneras. El objetivo de este primer concurso de fotografía es darnos cuenta de esta relación continua que tenemos con la madera, mostrando así diferentes situaciones en las que interactuamos con este material.</p>
<p>La temática será abierta, pero el enfoque debe estar relacionado en nuestra relación diaria con la madera.</p>
<p>Las fotografías seleccionadas serán votadas por el público y exhibidas en la Semana de la Madera 2018, a desarrollarse en el Centro Cultural Gabriela Mistral desde el 23 al 27 de agosto.</p>
<p>Más informaciones y postulaciones en www.madera21.cl y semanadelamadera.cl</p>
<div class="likebtn_container" style=""><!-- LikeBtn.com BEGIN --><span class="likebtn-wrapper"  data-identifier="convocatorias_7013"  data-site_id="58d98cec943ec9601191557b"  data-lang="es"  data-style=""  data-unlike_allowed=""  data-show_copyright=""  data-item_url="https://www.madera21.cl/concursos/convocatorias/concurso-fotografia-madera-en-la-mira-2018/"  data-item_title="Concurso Fotografía Madera en la Mira 2018"  data-item_image="https://www.madera21.cl/concursos/wp-content/uploads/sites/2/2018/03/Header-Fotos-2018-1024x206.jpg"  data-item_date="2018-03-03T18:59:54-03:00"  data-engine="WordPress"  data-plugin_v="2.6.59"  data-prx="https://www.madera21.cl/concursos/wp-admin/admin-ajax.php?action=likebtn_prx"  data-event_handler="likebtn_eh" ></span><!-- LikeBtn.com END --></div>

<!-- This site is optimized with the Yoast SEO plugin v27.5 - https://yoast.com/product/yoast-seo-wordpress/ -->
<title>Concurso Fotografía Madera en la Mira 2018 - concursos</title>
<meta name="robots" content="index, follow, max-snippet:-1, max-image-preview:large, max-video-preview:-1" />
<link rel="canonical" href="https://www.madera21.cl/concursos/convocatorias/concurso-fotografia-madera-en-la-mira-2018/" />
<meta property="og:locale" content="es_ES" />
<meta property="og:type" content="article" />
<meta property="og:title" content="Concurso Fotografía Madera en la Mira 2018 - concursos" />
<meta property="og:description" content="Madera21 te invita a participar en la segunda versión de los Premios del público Semana de la Madera 2018: Fotografía en madera. La madera es un material versátil y que nos acompaña en nuestra vida diaria de diferentes maneras. El objetivo de este primer concurso de fotografía es darnos cuenta de esta relación continua que tenemos [&hellip;]" />
<meta property="og:url" content="https://www.madera21.cl/concursos/convocatorias/concurso-fotografia-madera-en-la-mira-2018/" />
<meta property="og:site_name" content="concursos" />
<meta property="article:modified_time" content="2026-03-10T00:54:57+00:00" />
<meta property="og:image" content="http://www.madera21.cl/concursos/wp-content/uploads/sites/2/2018/03/Header-Fotos-2018.jpg" />
	<meta property="og:image:width" content="1365" />
	<meta property="og:image:height" content="274" />
	<meta property="og:image:type" content="image/jpeg" />
<meta name="twitter:card" content="summary_large_image" />
<meta name="twitter:label1" content="Tiempo de lectura" />
	<meta name="twitter:data1" content="1 minuto" />
<script type="application/ld+json" class="yoast-schema-graph">{"@context":"https:\/\/schema.org","@graph":[{"@type":"WebPage","@id":"https:\/\/www.madera21.cl\/concursos\/convocatorias\/concurso-fotografia-madera-en-la-mira-2018\/","url":"https:\/\/www.madera21.cl\/concursos\/convocatorias\/concurso-fotografia-madera-en-la-mira-2018\/","name":"Concurso Fotografía Madera en la Mira 2018 - concursos","isPartOf":{"@id":"https:\/\/www.madera21.cl\/concursos\/#website"},"primaryImageOfPage":{"@id":"https:\/\/www.madera21.cl\/concursos\/convocatorias\/concurso-fotografia-madera-en-la-mira-2018\/#primaryimage"},"image":{"@id":"https:\/\/www.madera21.cl\/concursos\/convocatorias\/concurso-fotografia-madera-en-la-mira-2018\/#primaryimage"},"thumbnailUrl":"https:\/\/www.madera21.cl\/concursos\/wp-content\/uploads\/sites\/2\/2018\/03\/Header-Fotos-2018.jpg","datePublished":"2018-03-03T21:59:54+00:00","dateModified":"2026-03-10T00:54:57+00:00","breadcrumb":{"@id":"https:\/\/www.madera21.cl\/concursos\/convocatorias\/concurso-fotografia-madera-en-la-mira-2018\/#breadcrumb"},"inLanguage":"es","potentialAction":[{"@type":"ReadAction","target":["https:\/\/www.madera21.cl\/concursos\/convocatorias\/concurso-fotografia-madera-en-la-mira-2018\/"]}]},{"@type":"ImageObject","inLanguage":"es","@id":"https:\/\/www.madera21.cl\/concursos\/convocatorias\/concurso-fotografia-madera-en-la-mira-2018\/#primaryimage","url":"https:\/\/www.madera21.cl\/concursos\/wp-content\/uploads\/sites\/2\/2018\/03\/Header-Fotos-2018.jpg","contentUrl":"https:\/\/www.madera21.cl\/concursos\/wp-content\/uploads\/sites\/2\/2018\/03\/Header-Fotos-2018.jpg","width":1365,"height":274},{"@type":"BreadcrumbList","@id":"https:\/\/www.madera21.cl\/concursos\/convocatorias\/concurso-fotografia-madera-en-la-mira-2018\/#breadcrumb","itemListElement":[{"@type":"ListItem","position":1,"name":"Portada","item":"https:\/\/www.madera21.cl\/concursos\/"},{"@type":"ListItem","position":2,"name":"Convocatorias","item":"https:\/\/www.madera21.cl\/concursos\/convocatorias\/"},{"@type":"ListItem","position":3,"name":"Concurso Fotografía Madera en la Mira 2018"}]},{"@type":"WebSite","@id":"https:\/\/www.madera21.cl\/concursos\/#website","url":"https:\/\/www.madera21.cl\/concursos\/","name":"concursos","description":"","publisher":{"@id":"https:\/\/www.madera21.cl\/concursos\/#organization"},"potentialAction":[{"@type":"SearchAction","target":{"@type":"EntryPoint","urlTemplate":"https:\/\/www.madera21.cl\/concursos\/?s={search_term_string}"},"query-input":{"@type":"PropertyValueSpecification","valueRequired":true,"valueName":"search_term_string"}}],"inLanguage":"es"},{"@type":"Organization","@id":"https:\/\/www.madera21.cl\/concursos\/#organization","name":"concursos","url":"https:\/\/www.madera21.cl\/concursos\/","logo":{"@type":"ImageObject","inLanguage":"es","@id":"https:\/\/www.madera21.cl\/concursos\/#\/schema\/logo\/image\/","url":"https:\/\/www.madera21.cl\/concursos\/wp-content\/uploads\/sites\/2\/2024\/10\/Logo_concursos.svg","contentUrl":"https:\/\/www.madera21.cl\/concursos\/wp-content\/uploads\/sites\/2\/2024\/10\/Logo_concursos.svg","width":249,"height":44,"caption":"concursos"},"image":{"@id":"https:\/\/www.madera21.cl\/concursos\/#\/schema\/logo\/image\/"}}]}</script>
<!-- / Yoast SEO plugin. -->

Concurso Fotografía Madera en la Mira 2018 - concursos

Madera21 te invita a participar en la segunda versión de los Premios del público Semana de la Madera 2018: Fotografía en madera. La madera es un material versátil y que nos acompaña en nuestra vida diaria de diferentes maneras. El objetivo de este primer concurso de fotografía es darnos cuenta de esta relación continua que tenemos [&hellip;]
