
{"id":7015,"date":"2019-03-03T19:03:57","date_gmt":"2019-03-03T22:03:57","guid":{"rendered":"https:\/\/www.madera21.cl\/concursos\/?post_type=convocatorias&#038;p=7015"},"modified":"2026-03-09T21:52:29","modified_gmt":"2026-03-10T00:52:29","slug":"concurso-fotografia-madera-en-la-mira-2019","status":"publish","type":"convocatorias","link":"https:\/\/www.madera21.cl\/concursos\/convocatorias\/concurso-fotografia-madera-en-la-mira-2019\/","title":{"rendered":"Concurso Fotograf\u00eda Madera en la Mira 2019"},"content":{"rendered":"<p>Este a\u00f1o el tema del concurso es\u00a0<strong><em>La Madera como Reflejo de la Identidad Cultural Nacional<\/em><\/strong>\u00a0 cuyo objetivo se enfocar\u00e1 en relevar -a trav\u00e9s de im\u00e1genes- el importante papel que ha desempe\u00f1ado durante d\u00e9cadas la madera como patrimonio cultural en Latinoam\u00e9rica, mostrando diferentes situaciones en las que interactuamos con este noble material.<\/p>\n<p>El significado de patrimonio cultural se abordar\u00e1 en su espectro m\u00e1s amplio, \u00a0desde objetos y pr\u00e1cticas que nos han acompa\u00f1ado en la vida por generaciones, hasta bienes tangibles que sean reconocidos p\u00fablicamente como patrimoniales.<\/p>\n<p>El concurso busca recoger costumbres, pr\u00e1cticas, construcciones u objetos, propios de cada regi\u00f3n o pa\u00eds, de cada cultura o tradici\u00f3n familiar; que se encuentren vinculados a la madera.<\/p>\n<p>Si bien la significancia de lo patrimonial se deja a criterio de los concursantes, dejamos a continuaci\u00f3n una definici\u00f3n a modo de referencia. (Dibam, 2005)<\/p>\n<p><em>El\u00a0<strong>patrimonio cultural<\/strong>\u00a0es un conjunto determinado de bienes tangibles, intangibles y naturales que forman parte de pr\u00e1cticas sociales, a los que se les atribuyen valores a ser transmitidos, y luego resignificados, de una \u00e9poca a otra, o de una generaci\u00f3n a las siguientes.<\/em><\/p>\n<div class=\"likebtn_container\" style=\"\"><!-- LikeBtn.com BEGIN --><span class=\"likebtn-wrapper\"  data-identifier=\"convocatorias_7015\"  data-site_id=\"58d98cec943ec9601191557b\"  data-lang=\"es\"  data-style=\"\"  data-unlike_allowed=\"\"  data-show_copyright=\"\"  data-item_url=\"https:\/\/www.madera21.cl\/concursos\/convocatorias\/concurso-fotografia-madera-en-la-mira-2019\/\"  data-item_title=\"Concurso Fotograf\u00eda Madera en la Mira 2019\"  data-item_image=\"https:\/\/www.madera21.cl\/concursos\/wp-content\/uploads\/sites\/2\/2019\/03\/Header-Fotos-2019-1024x206.jpg\"  data-item_date=\"2019-03-03T19:03:57-03:00\"  data-engine=\"WordPress\"  data-plugin_v=\"2.6.59\"  data-prx=\"https:\/\/www.madera21.cl\/concursos\/wp-admin\/admin-ajax.php?action=likebtn_prx\"  data-event_handler=\"likebtn_eh\" ><\/span><!-- LikeBtn.com END --><\/div>","protected":false},"featured_media":7063,"template":"","meta":{"_acf_changed":false},"anos":[438],"tipo":[443],"class_list":["post-7015","convocatorias","type-convocatorias","status-publish","has-post-thumbnail","hentry","anos-438","tipo-otros"],"acf":[],"yoast_head":"<!-- This site is optimized with the Yoast SEO plugin v27.5 - https:\/\/yoast.com\/product\/yoast-seo-wordpress\/ -->\n<title>Concurso Fotograf\u00eda Madera en la Mira 2019 - concursos<\/title>\n<meta name=\"robots\" content=\"index, follow, max-snippet:-1, max-image-preview:large, max-video-preview:-1\" \/>\n<link rel=\"canonical\" href=\"https:\/\/www.madera21.cl\/concursos\/convocatorias\/concurso-fotografia-madera-en-la-mira-2019\/\" \/>\n<meta property=\"og:locale\" content=\"es_ES\" \/>\n<meta property=\"og:type\" content=\"article\" \/>\n<meta property=\"og:title\" content=\"Concurso Fotograf\u00eda Madera en la Mira 2019 - concursos\" \/>\n<meta property=\"og:description\" content=\"Este a\u00f1o el tema del concurso es\u00a0La Madera como Reflejo de la Identidad Cultural Nacional\u00a0 cuyo objetivo se enfocar\u00e1 en relevar -a trav\u00e9s de im\u00e1genes- el importante papel que ha desempe\u00f1ado durante d\u00e9cadas la madera como patrimonio cultural en Latinoam\u00e9rica, mostrando diferentes situaciones en las que interactuamos con este noble material. El significado de patrimonio [&hellip;]\" \/>\n<meta property=\"og:url\" content=\"https:\/\/www.madera21.cl\/concursos\/convocatorias\/concurso-fotografia-madera-en-la-mira-2019\/\" \/>\n<meta property=\"og:site_name\" content=\"concursos\" \/>\n<meta property=\"article:modified_time\" content=\"2026-03-10T00:52:29+00:00\" \/>\n<meta property=\"og:image\" content=\"http:\/\/www.madera21.cl\/concursos\/wp-content\/uploads\/sites\/2\/2019\/03\/Header-Fotos-2019.jpg\" \/>\n\t<meta property=\"og:image:width\" content=\"1365\" \/>\n\t<meta property=\"og:image:height\" content=\"274\" \/>\n\t<meta property=\"og:image:type\" content=\"image\/jpeg\" \/>\n<meta name=\"twitter:card\" content=\"summary_large_image\" \/>\n<meta name=\"twitter:label1\" content=\"Tiempo de lectura\" \/>\n\t<meta name=\"twitter:data1\" content=\"2 minutos\" \/>\n<script type=\"application\/ld+json\" class=\"yoast-schema-graph\">{\"@context\":\"https:\\\/\\\/schema.org\",\"@graph\":[{\"@type\":\"WebPage\",\"@id\":\"https:\\\/\\\/www.madera21.cl\\\/concursos\\\/convocatorias\\\/concurso-fotografia-madera-en-la-mira-2019\\\/\",\"url\":\"https:\\\/\\\/www.madera21.cl\\\/concursos\\\/convocatorias\\\/concurso-fotografia-madera-en-la-mira-2019\\\/\",\"name\":\"Concurso Fotograf\u00eda Madera en la Mira 2019 - concursos\",\"isPartOf\":{\"@id\":\"https:\\\/\\\/www.madera21.cl\\\/concursos\\\/#website\"},\"primaryImageOfPage\":{\"@id\":\"https:\\\/\\\/www.madera21.cl\\\/concursos\\\/convocatorias\\\/concurso-fotografia-madera-en-la-mira-2019\\\/#primaryimage\"},\"image\":{\"@id\":\"https:\\\/\\\/www.madera21.cl\\\/concursos\\\/convocatorias\\\/concurso-fotografia-madera-en-la-mira-2019\\\/#primaryimage\"},\"thumbnailUrl\":\"https:\\\/\\\/www.madera21.cl\\\/concursos\\\/wp-content\\\/uploads\\\/sites\\\/2\\\/2019\\\/03\\\/Header-Fotos-2019.jpg\",\"datePublished\":\"2019-03-03T22:03:57+00:00\",\"dateModified\":\"2026-03-10T00:52:29+00:00\",\"breadcrumb\":{\"@id\":\"https:\\\/\\\/www.madera21.cl\\\/concursos\\\/convocatorias\\\/concurso-fotografia-madera-en-la-mira-2019\\\/#breadcrumb\"},\"inLanguage\":\"es\",\"potentialAction\":[{\"@type\":\"ReadAction\",\"target\":[\"https:\\\/\\\/www.madera21.cl\\\/concursos\\\/convocatorias\\\/concurso-fotografia-madera-en-la-mira-2019\\\/\"]}]},{\"@type\":\"ImageObject\",\"inLanguage\":\"es\",\"@id\":\"https:\\\/\\\/www.madera21.cl\\\/concursos\\\/convocatorias\\\/concurso-fotografia-madera-en-la-mira-2019\\\/#primaryimage\",\"url\":\"https:\\\/\\\/www.madera21.cl\\\/concursos\\\/wp-content\\\/uploads\\\/sites\\\/2\\\/2019\\\/03\\\/Header-Fotos-2019.jpg\",\"contentUrl\":\"https:\\\/\\\/www.madera21.cl\\\/concursos\\\/wp-content\\\/uploads\\\/sites\\\/2\\\/2019\\\/03\\\/Header-Fotos-2019.jpg\",\"width\":1365,\"height\":274},{\"@type\":\"BreadcrumbList\",\"@id\":\"https:\\\/\\\/www.madera21.cl\\\/concursos\\\/convocatorias\\\/concurso-fotografia-madera-en-la-mira-2019\\\/#breadcrumb\",\"itemListElement\":[{\"@type\":\"ListItem\",\"position\":1,\"name\":\"Portada\",\"item\":\"https:\\\/\\\/www.madera21.cl\\\/concursos\\\/\"},{\"@type\":\"ListItem\",\"position\":2,\"name\":\"Convocatorias\",\"item\":\"https:\\\/\\\/www.madera21.cl\\\/concursos\\\/convocatorias\\\/\"},{\"@type\":\"ListItem\",\"position\":3,\"name\":\"Concurso Fotograf\u00eda Madera en la Mira 2019\"}]},{\"@type\":\"WebSite\",\"@id\":\"https:\\\/\\\/www.madera21.cl\\\/concursos\\\/#website\",\"url\":\"https:\\\/\\\/www.madera21.cl\\\/concursos\\\/\",\"name\":\"concursos\",\"description\":\"\",\"publisher\":{\"@id\":\"https:\\\/\\\/www.madera21.cl\\\/concursos\\\/#organization\"},\"potentialAction\":[{\"@type\":\"SearchAction\",\"target\":{\"@type\":\"EntryPoint\",\"urlTemplate\":\"https:\\\/\\\/www.madera21.cl\\\/concursos\\\/?s={search_term_string}\"},\"query-input\":{\"@type\":\"PropertyValueSpecification\",\"valueRequired\":true,\"valueName\":\"search_term_string\"}}],\"inLanguage\":\"es\"},{\"@type\":\"Organization\",\"@id\":\"https:\\\/\\\/www.madera21.cl\\\/concursos\\\/#organization\",\"name\":\"concursos\",\"url\":\"https:\\\/\\\/www.madera21.cl\\\/concursos\\\/\",\"logo\":{\"@type\":\"ImageObject\",\"inLanguage\":\"es\",\"@id\":\"https:\\\/\\\/www.madera21.cl\\\/concursos\\\/#\\\/schema\\\/logo\\\/image\\\/\",\"url\":\"https:\\\/\\\/www.madera21.cl\\\/concursos\\\/wp-content\\\/uploads\\\/sites\\\/2\\\/2024\\\/10\\\/Logo_concursos.svg\",\"contentUrl\":\"https:\\\/\\\/www.madera21.cl\\\/concursos\\\/wp-content\\\/uploads\\\/sites\\\/2\\\/2024\\\/10\\\/Logo_concursos.svg\",\"width\":249,\"height\":44,\"caption\":\"concursos\"},\"image\":{\"@id\":\"https:\\\/\\\/www.madera21.cl\\\/concursos\\\/#\\\/schema\\\/logo\\\/image\\\/\"}}]}<\/script>\n<!-- \/ Yoast SEO plugin. -->","yoast_head_json":{"title":"Concurso Fotograf\u00eda Madera en la Mira 2019 - concursos","robots":{"index":"index","follow":"follow","max-snippet":"max-snippet:-1","max-image-preview":"max-image-preview:large","max-video-preview":"max-video-preview:-1"},"canonical":"https:\/\/www.madera21.cl\/concursos\/convocatorias\/concurso-fotografia-madera-en-la-mira-2019\/","og_locale":"es_ES","og_type":"article","og_title":"Concurso Fotograf\u00eda Madera en la Mira 2019 - concursos","og_description":"Este a\u00f1o el tema del concurso es\u00a0La Madera como Reflejo de la Identidad Cultural Nacional\u00a0 cuyo objetivo se enfocar\u00e1 en relevar -a trav\u00e9s de im\u00e1genes- el importante papel que ha desempe\u00f1ado durante d\u00e9cadas la madera como patrimonio cultural en Latinoam\u00e9rica, mostrando diferentes situaciones en las que interactuamos con este noble material. El significado de patrimonio [&hellip;]","og_url":"https:\/\/www.madera21.cl\/concursos\/convocatorias\/concurso-fotografia-madera-en-la-mira-2019\/","og_site_name":"concursos","article_modified_time":"2026-03-10T00:52:29+00:00","og_image":[{"width":1365,"height":274,"url":"http:\/\/www.madera21.cl\/concursos\/wp-content\/uploads\/sites\/2\/2019\/03\/Header-Fotos-2019.jpg","type":"image\/jpeg"}],"twitter_card":"summary_large_image","twitter_misc":{"Tiempo de lectura":"2 minutos"},"schema":{"@context":"https:\/\/schema.org","@graph":[{"@type":"WebPage","@id":"https:\/\/www.madera21.cl\/concursos\/convocatorias\/concurso-fotografia-madera-en-la-mira-2019\/","url":"https:\/\/www.madera21.cl\/concursos\/convocatorias\/concurso-fotografia-madera-en-la-mira-2019\/","name":"Concurso Fotograf\u00eda Madera en la Mira 2019 - concursos","isPartOf":{"@id":"https:\/\/www.madera21.cl\/concursos\/#website"},"primaryImageOfPage":{"@id":"https:\/\/www.madera21.cl\/concursos\/convocatorias\/concurso-fotografia-madera-en-la-mira-2019\/#primaryimage"},"image":{"@id":"https:\/\/www.madera21.cl\/concursos\/convocatorias\/concurso-fotografia-madera-en-la-mira-2019\/#primaryimage"},"thumbnailUrl":"https:\/\/www.madera21.cl\/concursos\/wp-content\/uploads\/sites\/2\/2019\/03\/Header-Fotos-2019.jpg","datePublished":"2019-03-03T22:03:57+00:00","dateModified":"2026-03-10T00:52:29+00:00","breadcrumb":{"@id":"https:\/\/www.madera21.cl\/concursos\/convocatorias\/concurso-fotografia-madera-en-la-mira-2019\/#breadcrumb"},"inLanguage":"es","potentialAction":[{"@type":"ReadAction","target":["https:\/\/www.madera21.cl\/concursos\/convocatorias\/concurso-fotografia-madera-en-la-mira-2019\/"]}]},{"@type":"ImageObject","inLanguage":"es","@id":"https:\/\/www.madera21.cl\/concursos\/convocatorias\/concurso-fotografia-madera-en-la-mira-2019\/#primaryimage","url":"https:\/\/www.madera21.cl\/concursos\/wp-content\/uploads\/sites\/2\/2019\/03\/Header-Fotos-2019.jpg","contentUrl":"https:\/\/www.madera21.cl\/concursos\/wp-content\/uploads\/sites\/2\/2019\/03\/Header-Fotos-2019.jpg","width":1365,"height":274},{"@type":"BreadcrumbList","@id":"https:\/\/www.madera21.cl\/concursos\/convocatorias\/concurso-fotografia-madera-en-la-mira-2019\/#breadcrumb","itemListElement":[{"@type":"ListItem","position":1,"name":"Portada","item":"https:\/\/www.madera21.cl\/concursos\/"},{"@type":"ListItem","position":2,"name":"Convocatorias","item":"https:\/\/www.madera21.cl\/concursos\/convocatorias\/"},{"@type":"ListItem","position":3,"name":"Concurso Fotograf\u00eda Madera en la Mira 2019"}]},{"@type":"WebSite","@id":"https:\/\/www.madera21.cl\/concursos\/#website","url":"https:\/\/www.madera21.cl\/concursos\/","name":"concursos","description":"","publisher":{"@id":"https:\/\/www.madera21.cl\/concursos\/#organization"},"potentialAction":[{"@type":"SearchAction","target":{"@type":"EntryPoint","urlTemplate":"https:\/\/www.madera21.cl\/concursos\/?s={search_term_string}"},"query-input":{"@type":"PropertyValueSpecification","valueRequired":true,"valueName":"search_term_string"}}],"inLanguage":"es"},{"@type":"Organization","@id":"https:\/\/www.madera21.cl\/concursos\/#organization","name":"concursos","url":"https:\/\/www.madera21.cl\/concursos\/","logo":{"@type":"ImageObject","inLanguage":"es","@id":"https:\/\/www.madera21.cl\/concursos\/#\/schema\/logo\/image\/","url":"https:\/\/www.madera21.cl\/concursos\/wp-content\/uploads\/sites\/2\/2024\/10\/Logo_concursos.svg","contentUrl":"https:\/\/www.madera21.cl\/concursos\/wp-content\/uploads\/sites\/2\/2024\/10\/Logo_concursos.svg","width":249,"height":44,"caption":"concursos"},"image":{"@id":"https:\/\/www.madera21.cl\/concursos\/#\/schema\/logo\/image\/"}}]}},"_links":{"self":[{"href":"https:\/\/www.madera21.cl\/concursos\/wp-json\/wp\/v2\/convocatorias\/7015","targetHints":{"allow":["GET"]}}],"collection":[{"href":"https:\/\/www.madera21.cl\/concursos\/wp-json\/wp\/v2\/convocatorias"}],"about":[{"href":"https:\/\/www.madera21.cl\/concursos\/wp-json\/wp\/v2\/types\/convocatorias"}],"wp:featuredmedia":[{"embeddable":true,"href":"https:\/\/www.madera21.cl\/concursos\/wp-json\/wp\/v2\/media\/7063"}],"wp:attachment":[{"href":"https:\/\/www.madera21.cl\/concursos\/wp-json\/wp\/v2\/media?parent=7015"}],"wp:term":[{"taxonomy":"anos","embeddable":true,"href":"https:\/\/www.madera21.cl\/concursos\/wp-json\/wp\/v2\/anos?post=7015"},{"taxonomy":"tipo","embeddable":true,"href":"https:\/\/www.madera21.cl\/concursos\/wp-json\/wp\/v2\/tipo?post=7015"}],"curies":[{"name":"wp","href":"https:\/\/api.w.org\/{rel}","templated":true}]}}

Concurso Fotografía Madera en la Mira 2019

<p>Este año el tema del concurso es <strong><em>La Madera como Reflejo de la Identidad Cultural Nacional</em></strong>  cuyo objetivo se enfocará en relevar -a través de imágenes- el importante papel que ha desempeñado durante décadas la madera como patrimonio cultural en Latinoamérica, mostrando diferentes situaciones en las que interactuamos con este noble material.</p>
<p>El significado de patrimonio cultural se abordará en su espectro más amplio,  desde objetos y prácticas que nos han acompañado en la vida por generaciones, hasta bienes tangibles que sean reconocidos públicamente como patrimoniales.</p>
<p>El concurso busca recoger costumbres, prácticas, construcciones u objetos, propios de cada región o país, de cada cultura o tradición familiar; que se encuentren vinculados a la madera.</p>
<p>Si bien la significancia de lo patrimonial se deja a criterio de los concursantes, dejamos a continuación una definición a modo de referencia. (Dibam, 2005)</p>
<p><em>El <strong>patrimonio cultural</strong> es un conjunto determinado de bienes tangibles, intangibles y naturales que forman parte de prácticas sociales, a los que se les atribuyen valores a ser transmitidos, y luego resignificados, de una época a otra, o de una generación a las siguientes.</em></p>
<div class="likebtn_container" style=""><!-- LikeBtn.com BEGIN --><span class="likebtn-wrapper"  data-identifier="convocatorias_7015"  data-site_id="58d98cec943ec9601191557b"  data-lang="es"  data-style=""  data-unlike_allowed=""  data-show_copyright=""  data-item_url="https://www.madera21.cl/concursos/convocatorias/concurso-fotografia-madera-en-la-mira-2019/"  data-item_title="Concurso Fotografía Madera en la Mira 2019"  data-item_image="https://www.madera21.cl/concursos/wp-content/uploads/sites/2/2019/03/Header-Fotos-2019-1024x206.jpg"  data-item_date="2019-03-03T19:03:57-03:00"  data-engine="WordPress"  data-plugin_v="2.6.59"  data-prx="https://www.madera21.cl/concursos/wp-admin/admin-ajax.php?action=likebtn_prx"  data-event_handler="likebtn_eh" ></span><!-- LikeBtn.com END --></div>

<!-- This site is optimized with the Yoast SEO plugin v27.5 - https://yoast.com/product/yoast-seo-wordpress/ -->
<title>Concurso Fotografía Madera en la Mira 2019 - concursos</title>
<meta name="robots" content="index, follow, max-snippet:-1, max-image-preview:large, max-video-preview:-1" />
<link rel="canonical" href="https://www.madera21.cl/concursos/convocatorias/concurso-fotografia-madera-en-la-mira-2019/" />
<meta property="og:locale" content="es_ES" />
<meta property="og:type" content="article" />
<meta property="og:title" content="Concurso Fotografía Madera en la Mira 2019 - concursos" />
<meta property="og:description" content="Este año el tema del concurso es La Madera como Reflejo de la Identidad Cultural Nacional  cuyo objetivo se enfocará en relevar -a través de imágenes- el importante papel que ha desempeñado durante décadas la madera como patrimonio cultural en Latinoamérica, mostrando diferentes situaciones en las que interactuamos con este noble material. El significado de patrimonio [&hellip;]" />
<meta property="og:url" content="https://www.madera21.cl/concursos/convocatorias/concurso-fotografia-madera-en-la-mira-2019/" />
<meta property="og:site_name" content="concursos" />
<meta property="article:modified_time" content="2026-03-10T00:52:29+00:00" />
<meta property="og:image" content="http://www.madera21.cl/concursos/wp-content/uploads/sites/2/2019/03/Header-Fotos-2019.jpg" />
	<meta property="og:image:width" content="1365" />
	<meta property="og:image:height" content="274" />
	<meta property="og:image:type" content="image/jpeg" />
<meta name="twitter:card" content="summary_large_image" />
<meta name="twitter:label1" content="Tiempo de lectura" />
	<meta name="twitter:data1" content="2 minutos" />
<script type="application/ld+json" class="yoast-schema-graph">{"@context":"https:\/\/schema.org","@graph":[{"@type":"WebPage","@id":"https:\/\/www.madera21.cl\/concursos\/convocatorias\/concurso-fotografia-madera-en-la-mira-2019\/","url":"https:\/\/www.madera21.cl\/concursos\/convocatorias\/concurso-fotografia-madera-en-la-mira-2019\/","name":"Concurso Fotografía Madera en la Mira 2019 - concursos","isPartOf":{"@id":"https:\/\/www.madera21.cl\/concursos\/#website"},"primaryImageOfPage":{"@id":"https:\/\/www.madera21.cl\/concursos\/convocatorias\/concurso-fotografia-madera-en-la-mira-2019\/#primaryimage"},"image":{"@id":"https:\/\/www.madera21.cl\/concursos\/convocatorias\/concurso-fotografia-madera-en-la-mira-2019\/#primaryimage"},"thumbnailUrl":"https:\/\/www.madera21.cl\/concursos\/wp-content\/uploads\/sites\/2\/2019\/03\/Header-Fotos-2019.jpg","datePublished":"2019-03-03T22:03:57+00:00","dateModified":"2026-03-10T00:52:29+00:00","breadcrumb":{"@id":"https:\/\/www.madera21.cl\/concursos\/convocatorias\/concurso-fotografia-madera-en-la-mira-2019\/#breadcrumb"},"inLanguage":"es","potentialAction":[{"@type":"ReadAction","target":["https:\/\/www.madera21.cl\/concursos\/convocatorias\/concurso-fotografia-madera-en-la-mira-2019\/"]}]},{"@type":"ImageObject","inLanguage":"es","@id":"https:\/\/www.madera21.cl\/concursos\/convocatorias\/concurso-fotografia-madera-en-la-mira-2019\/#primaryimage","url":"https:\/\/www.madera21.cl\/concursos\/wp-content\/uploads\/sites\/2\/2019\/03\/Header-Fotos-2019.jpg","contentUrl":"https:\/\/www.madera21.cl\/concursos\/wp-content\/uploads\/sites\/2\/2019\/03\/Header-Fotos-2019.jpg","width":1365,"height":274},{"@type":"BreadcrumbList","@id":"https:\/\/www.madera21.cl\/concursos\/convocatorias\/concurso-fotografia-madera-en-la-mira-2019\/#breadcrumb","itemListElement":[{"@type":"ListItem","position":1,"name":"Portada","item":"https:\/\/www.madera21.cl\/concursos\/"},{"@type":"ListItem","position":2,"name":"Convocatorias","item":"https:\/\/www.madera21.cl\/concursos\/convocatorias\/"},{"@type":"ListItem","position":3,"name":"Concurso Fotografía Madera en la Mira 2019"}]},{"@type":"WebSite","@id":"https:\/\/www.madera21.cl\/concursos\/#website","url":"https:\/\/www.madera21.cl\/concursos\/","name":"concursos","description":"","publisher":{"@id":"https:\/\/www.madera21.cl\/concursos\/#organization"},"potentialAction":[{"@type":"SearchAction","target":{"@type":"EntryPoint","urlTemplate":"https:\/\/www.madera21.cl\/concursos\/?s={search_term_string}"},"query-input":{"@type":"PropertyValueSpecification","valueRequired":true,"valueName":"search_term_string"}}],"inLanguage":"es"},{"@type":"Organization","@id":"https:\/\/www.madera21.cl\/concursos\/#organization","name":"concursos","url":"https:\/\/www.madera21.cl\/concursos\/","logo":{"@type":"ImageObject","inLanguage":"es","@id":"https:\/\/www.madera21.cl\/concursos\/#\/schema\/logo\/image\/","url":"https:\/\/www.madera21.cl\/concursos\/wp-content\/uploads\/sites\/2\/2024\/10\/Logo_concursos.svg","contentUrl":"https:\/\/www.madera21.cl\/concursos\/wp-content\/uploads\/sites\/2\/2024\/10\/Logo_concursos.svg","width":249,"height":44,"caption":"concursos"},"image":{"@id":"https:\/\/www.madera21.cl\/concursos\/#\/schema\/logo\/image\/"}}]}</script>
<!-- / Yoast SEO plugin. -->

Concurso Fotografía Madera en la Mira 2019 - concursos

Este año el tema del concurso es La Madera como Reflejo de la Identidad Cultural Nacional  cuyo objetivo se enfocará en relevar -a través de imágenes- el importante papel que ha desempeñado durante décadas la madera como patrimonio cultural en Latinoamérica, mostrando diferentes situaciones en las que interactuamos con este noble material. El significado de patrimonio [&hellip;]
